{"id":179,"date":"2025-07-18T15:33:40","date_gmt":"2025-07-18T13:33:40","guid":{"rendered":"https:\/\/sitios-nonprod.mendoza.gob.ar\/boletinoficial\/?page_id=179"},"modified":"2025-07-21T17:23:00","modified_gmt":"2025-07-21T15:23:00","slug":"contacto","status":"publish","type":"page","link":"https:\/\/sitios-nonprod.mendoza.gob.ar\/boletinoficial\/contacto\/","title":{"rendered":"Contacto"},"content":{"rendered":"<p>[et_pb_section fb_built=\u00bb1&#8243; _builder_version=\u00bb4.27.4&#8243; _module_preset=\u00bbdefault\u00bb global_colors_info=\u00bb{}\u00bb][et_pb_row _builder_version=\u00bb4.27.4&#8243; _module_preset=\u00bbdefault\u00bb global_colors_info=\u00bb{}\u00bb][et_pb_column type=\u00bb4_4&#8243; _builder_version=\u00bb4.27.4&#8243; _module_preset=\u00bbdefault\u00bb global_colors_info=\u00bb{}\u00bb][et_pb_heading title=\u00bbSubdirecci\u00f3n de Bolet\u00edn Oficial\u00bb _builder_version=\u00bb4.27.4&#8243; _module_preset=\u00bbdefault\u00bb title_text_align=\u00bbcenter\u00bb title_text_color=\u00bb#0C71C3&#8243; hover_enabled=\u00bb0&#8243; global_colors_info=\u00bb{}\u00bb sticky_enabled=\u00bb0&#8243;][\/et_pb_heading][et_pb_text _builder_version=\u00bb4.27.4&#8243; _module_preset=\u00bbdefault\u00bb text_font=\u00bb|600|||||||\u00bb hover_enabled=\u00bb0&#8243; global_colors_info=\u00bb{}\u00bb sticky_enabled=\u00bb0&#8243;]<\/p>\n<p><span>La funci\u00f3n del Bolet\u00edn Oficial es dar publicidad a los actos administrativos del Sector P\u00fablico Provincial (PE, PL y PJ organismos descentralizados, aut\u00e1rquicos y aut\u00f3nomos). Adem\u00e1s, se ocupa de la recepci\u00f3n y publicaci\u00f3n de edictos de usuarios particulares cuya publicaci\u00f3n estuviese exigida por ley.<\/span><\/p>\n<p>[\/et_pb_text][\/et_pb_column][\/et_pb_row][et_pb_row _builder_version=\u00bb4.27.4&#8243; _module_preset=\u00bbdefault\u00bb hover_enabled=\u00bb0&#8243; global_colors_info=\u00bb{}\u00bb sticky_enabled=\u00bb0&#8243;][et_pb_column type=\u00bb4_4&#8243; _builder_version=\u00bb4.27.4&#8243; _module_preset=\u00bbdefault\u00bb global_colors_info=\u00bb{}\u00bb][et_pb_text _builder_version=\u00bb4.27.4&#8243; _module_preset=\u00bbdefault\u00bb header_3_text_color=\u00bb#0C71C3&#8243; hover_enabled=\u00bb0&#8243; global_colors_info=\u00bb{}\u00bb sticky_enabled=\u00bb0&#8243;]<\/p>\n<h3>Informaci\u00f3n de Inter\u00e9s<\/h3>\n<p>[\/et_pb_text][\/et_pb_column][\/et_pb_row][et_pb_row column_structure=\u00bb1_3,1_3,1_3&#8243; _builder_version=\u00bb4.27.4&#8243; _module_preset=\u00bbdefault\u00bb global_colors_info=\u00bb{}\u00bb][et_pb_column type=\u00bb1_3&#8243; _builder_version=\u00bb4.27.4&#8243; _module_preset=\u00bbdefault\u00bb global_colors_info=\u00bb{}\u00bb][et_pb_blurb title=\u00bbLocalizaci\u00f3n\u00bb use_icon=\u00bbon\u00bb font_icon=\u00bb&#xf3c5;||fa||900&#8243; image_icon_width=\u00bb53px\u00bb _builder_version=\u00bb4.27.4&#8243; _module_preset=\u00bbdefault\u00bb header_text_align=\u00bbcenter\u00bb header_text_color=\u00bb#141414&#8243; background_color=\u00bb#ededed\u00bb min_height=\u00bb215px\u00bb custom_padding=\u00bb2em|1em|2em|1em|true|true\u00bb border_radii=\u00bbon|15px|15px|15px|15px\u00bb global_colors_info=\u00bb{}\u00bb]<\/p>\n<p><span>Av. Peltier 351 \u2013 Primer Subsuelo \u2013 Cuerpo Central Casa de Gobierno.<\/span><\/p>\n<p>[\/et_pb_blurb][\/et_pb_column][et_pb_column type=\u00bb1_3&#8243; _builder_version=\u00bb4.27.4&#8243; _module_preset=\u00bbdefault\u00bb global_colors_info=\u00bb{}\u00bb][et_pb_blurb title=\u00bbTel\u00e9fono\u00bb use_icon=\u00bbon\u00bb font_icon=\u00bb&#xf3cd;||fa||900&#8243; image_icon_width=\u00bb53px\u00bb _builder_version=\u00bb4.27.4&#8243; _module_preset=\u00bbdefault\u00bb header_text_align=\u00bbcenter\u00bb header_text_color=\u00bb#141414&#8243; background_color=\u00bb#ededed\u00bb min_height=\u00bb215px\u00bb custom_padding=\u00bb2em|1em|2em|1em|true|true\u00bb border_radii=\u00bbon|15px|15px|15px|15px\u00bb global_colors_info=\u00bb{}\u00bb]<\/p>\n<p style=\"text-align: center;\"><strong>261 \u2013 3852207<\/strong><\/p>\n<p>[\/et_pb_blurb][\/et_pb_column][et_pb_column type=\u00bb1_3&#8243; _builder_version=\u00bb4.27.4&#8243; _module_preset=\u00bbdefault\u00bb global_colors_info=\u00bb{}\u00bb][et_pb_blurb title=\u00bbE-mail\u00bb use_icon=\u00bbon\u00bb font_icon=\u00bb&#xf3c5;||fa||900&#8243; image_icon_width=\u00bb53px\u00bb _builder_version=\u00bb4.27.4&#8243; _module_preset=\u00bbdefault\u00bb header_text_align=\u00bbcenter\u00bb header_text_color=\u00bb#141414&#8243; background_color=\u00bb#ededed\u00bb min_height=\u00bb215px\u00bb custom_padding=\u00bb2em|1em|2em|1em|true|true\u00bb border_radii=\u00bbon|15px|15px|15px|15px\u00bb global_colors_info=\u00bb{}\u00bb]<\/p>\n<p style=\"text-align: center;\"><strong>boletinoficial@mendoza.gov.ar<\/strong><\/p>\n<p>[\/et_pb_blurb][\/et_pb_column][\/et_pb_row][\/et_pb_section]<\/p>\n","protected":false},"excerpt":{"rendered":"<p>La funci\u00f3n del Bolet\u00edn Oficial es dar publicidad a los actos administrativos del Sector P\u00fablico Provincial (PE, PL y PJ organismos descentralizados, aut\u00e1rquicos y aut\u00f3nomos). Adem\u00e1s, se ocupa de la recepci\u00f3n y publicaci\u00f3n de edictos de usuarios particulares cuya publicaci\u00f3n estuviese exigida por ley.Informaci\u00f3n de Inter\u00e9sAv. Peltier 351 \u2013 Primer Subsuelo \u2013 Cuerpo Central Casa [&hellip;]<\/p>\n","protected":false},"author":60,"featured_media":0,"parent":0,"menu_order":0,"comment_status":"closed","ping_status":"closed","template":"","meta":{"_et_pb_use_builder":"on","_et_pb_old_content":"","_et_gb_content_width":"","footnotes":""},"class_list":["post-179","page","type-page","status-publish","hentry"],"_links":{"self":[{"href":"https:\/\/sitios-nonprod.mendoza.gob.ar\/boletinoficial\/wp-json\/wp\/v2\/pages\/179","targetHints":{"allow":["GET"]}}],"collection":[{"href":"https:\/\/sitios-nonprod.mendoza.gob.ar\/boletinoficial\/wp-json\/wp\/v2\/pages"}],"about":[{"href":"https:\/\/sitios-nonprod.mendoza.gob.ar\/boletinoficial\/wp-json\/wp\/v2\/types\/page"}],"author":[{"embeddable":true,"href":"https:\/\/sitios-nonprod.mendoza.gob.ar\/boletinoficial\/wp-json\/wp\/v2\/users\/60"}],"replies":[{"embeddable":true,"href":"https:\/\/sitios-nonprod.mendoza.gob.ar\/boletinoficial\/wp-json\/wp\/v2\/comments?post=179"}],"version-history":[{"count":5,"href":"https:\/\/sitios-nonprod.mendoza.gob.ar\/boletinoficial\/wp-json\/wp\/v2\/pages\/179\/revisions"}],"predecessor-version":[{"id":221,"href":"https:\/\/sitios-nonprod.mendoza.gob.ar\/boletinoficial\/wp-json\/wp\/v2\/pages\/179\/revisions\/221"}],"wp:attachment":[{"href":"https:\/\/sitios-nonprod.mendoza.gob.ar\/boletinoficial\/wp-json\/wp\/v2\/media?parent=179"}],"curies":[{"name":"wp","href":"https:\/\/api.w.org\/{rel}","templated":true}]}}

<p>[et_pb_section fb_built=»1&#8243; _builder_version=»4.27.4&#8243; _module_preset=»default» global_colors_info=»{}»][et_pb_row _builder_version=»4.27.4&#8243; _module_preset=»default» global_colors_info=»{}»][et_pb_column type=»4_4&#8243; _builder_version=»4.27.4&#8243; _module_preset=»default» global_colors_info=»{}»][et_pb_heading title=»Subdirección de Boletín Oficial» _builder_version=»4.27.4&#8243; _module_preset=»default» title_text_align=»center» title_text_color=»#0C71C3&#8243; hover_enabled=»0&#8243; global_colors_info=»{}» sticky_enabled=»0&#8243;][/et_pb_heading][et_pb_text _builder_version=»4.27.4&#8243; _module_preset=»default» text_font=»|600|||||||» hover_enabled=»0&#8243; global_colors_info=»{}» sticky_enabled=»0&#8243;]</p>
<p><span>La función del Boletín Oficial es dar publicidad a los actos administrativos del Sector Público Provincial (PE, PL y PJ organismos descentralizados, autárquicos y autónomos). Además, se ocupa de la recepción y publicación de edictos de usuarios particulares cuya publicación estuviese exigida por ley.</span></p>
<p>[/et_pb_text][/et_pb_column][/et_pb_row][et_pb_row _builder_version=»4.27.4&#8243; _module_preset=»default» hover_enabled=»0&#8243; global_colors_info=»{}» sticky_enabled=»0&#8243;][et_pb_column type=»4_4&#8243; _builder_version=»4.27.4&#8243; _module_preset=»default» global_colors_info=»{}»][et_pb_text _builder_version=»4.27.4&#8243; _module_preset=»default» header_3_text_color=»#0C71C3&#8243; hover_enabled=»0&#8243; global_colors_info=»{}» sticky_enabled=»0&#8243;]</p>
<h3>Información de Interés</h3>
<p>[/et_pb_text][/et_pb_column][/et_pb_row][et_pb_row column_structure=»1_3,1_3,1_3&#8243; _builder_version=»4.27.4&#8243; _module_preset=»default» global_colors_info=»{}»][et_pb_column type=»1_3&#8243; _builder_version=»4.27.4&#8243; _module_preset=»default» global_colors_info=»{}»][et_pb_blurb title=»Localización» use_icon=»on» font_icon=»&#xf3c5;||fa||900&#8243; image_icon_width=»53px» _builder_version=»4.27.4&#8243; _module_preset=»default» header_text_align=»center» header_text_color=»#141414&#8243; background_color=»#ededed» min_height=»215px» custom_padding=»2em|1em|2em|1em|true|true» border_radii=»on|15px|15px|15px|15px» global_colors_info=»{}»]</p>
<p><span>Av. Peltier 351 – Primer Subsuelo – Cuerpo Central Casa de Gobierno.</span></p>
<p>[/et_pb_blurb][/et_pb_column][et_pb_column type=»1_3&#8243; _builder_version=»4.27.4&#8243; _module_preset=»default» global_colors_info=»{}»][et_pb_blurb title=»Teléfono» use_icon=»on» font_icon=»&#xf3cd;||fa||900&#8243; image_icon_width=»53px» _builder_version=»4.27.4&#8243; _module_preset=»default» header_text_align=»center» header_text_color=»#141414&#8243; background_color=»#ededed» min_height=»215px» custom_padding=»2em|1em|2em|1em|true|true» border_radii=»on|15px|15px|15px|15px» global_colors_info=»{}»]</p>
<p style="text-align: center;"><strong>261 – 3852207</strong></p>
<p>[/et_pb_blurb][/et_pb_column][et_pb_column type=»1_3&#8243; _builder_version=»4.27.4&#8243; _module_preset=»default» global_colors_info=»{}»][et_pb_blurb title=»E-mail» use_icon=»on» font_icon=»&#xf3c5;||fa||900&#8243; image_icon_width=»53px» _builder_version=»4.27.4&#8243; _module_preset=»default» header_text_align=»center» header_text_color=»#141414&#8243; background_color=»#ededed» min_height=»215px» custom_padding=»2em|1em|2em|1em|true|true» border_radii=»on|15px|15px|15px|15px» global_colors_info=»{}»]</p>
<p style="text-align: center;"><strong>boletinoficial@mendoza.gov.ar</strong></p>
<p>[/et_pb_blurb][/et_pb_column][/et_pb_row][/et_pb_section]</p>

<p>La función del Boletín Oficial es dar publicidad a los actos administrativos del Sector Público Provincial (PE, PL y PJ organismos descentralizados, autárquicos y autónomos). Además, se ocupa de la recepción y publicación de edictos de usuarios particulares cuya publicación estuviese exigida por ley.Información de InterésAv. Peltier 351 – Primer Subsuelo – Cuerpo Central Casa [&hellip;]</p>
