{"id":1042,"date":"2025-07-23T20:38:57","date_gmt":"2025-07-23T18:38:57","guid":{"rendered":"https:\/\/sitios-nonprod.mendoza.gob.ar\/seguridadyjusticia\/?page_id=1042"},"modified":"2025-08-13T19:20:40","modified_gmt":"2025-08-13T17:20:40","slug":"monoxido-de-carbono","status":"publish","type":"page","link":"https:\/\/sitios-nonprod.mendoza.gob.ar\/seguridadyjusticia\/monoxido-de-carbono\/","title":{"rendered":"Mon\u00f3xido de Carbono"},"content":{"rendered":"[et_pb_section fb_built=\u00bb1&#8243; admin_label=\u00bbsection\u00bb _builder_version=\u00bb4.16&#8243; global_colors_info=\u00bb{}\u00bb][et_pb_row admin_label=\u00bbrow\u00bb _builder_version=\u00bb4.16&#8243; background_size=\u00bbinitial\u00bb background_position=\u00bbtop_left\u00bb background_repeat=\u00bbrepeat\u00bb global_colors_info=\u00bb{}\u00bb][et_pb_column type=\u00bb4_4&#8243; _builder_version=\u00bb4.16&#8243; custom_padding=\u00bb|||\u00bb global_colors_info=\u00bb{}\u00bb custom_padding__hover=\u00bb|||\u00bb][et_pb_post_title _builder_version=\u00bb4.27.4&#8243; _module_preset=\u00bbdefault\u00bb meta=\u00bboff\u00bb featured_image=\u00bboff\u00bb hover_enabled=\u00bb0&#8243; sticky_enabled=\u00bb0&#8243; locked=\u00bboff\u00bb][\/et_pb_post_title][et_pb_text admin_label=\u00bbText\u00bb _builder_version=\u00bb4.16&#8243; background_size=\u00bbinitial\u00bb background_position=\u00bbtop_left\u00bb background_repeat=\u00bbrepeat\u00bb global_colors_info=\u00bb{}\u00bb]\n<p class=\"has-black-color has-text-color has-link-color has-medium-font-size wp-elements-2d5ec7f1a1080bbe3bd1a6681fd92027\"><strong>\u26a0  Prevenci\u00f3n y Seguridad<\/strong><\/p>\n\n\n\n<figure class=\"wp-block-image size-full is-resized\"><img loading=\"lazy\" decoding=\"async\" width=\"700\" height=\"165\" src=\"https:\/\/media-nonprod.mendoza.gob.ar\/informacion-oficial\/uploads\/sites\/16\/2025\/07\/image-3.png\" alt=\"\" class=\"wp-image-1043\" style=\"width:696px;height:auto\" srcset=\"https:\/\/media-nonprod.mendoza.gob.ar\/informacion-oficial\/uploads\/sites\/16\/2025\/07\/image-3.png 700w, https:\/\/media-nonprod.mendoza.gob.ar\/informacion-oficial\/uploads\/sites\/16\/2025\/07\/image-3-480x113.png 480w\" sizes=\"(min-width: 0px) and (max-width: 480px) 480px, (min-width: 481px) 700px, 100vw\" \/><\/figure>\n\n\n\n<p class=\"has-black-color has-text-color has-link-color wp-elements-0e9f1b6e021c001a95422d9169a83028\">El mon\u00f3xido de carbono (CO) es un gas altamente t\u00f3xico, dif\u00edcil de detectar porque no tiene olor, color ni sabor. Se produce por la combusti\u00f3n<strong> <\/strong>incompleta de materiales como gas natural, le\u00f1a, carb\u00f3n, kerosene<strong>, <\/strong>alcohol y otros combustibles. Para prevenir intoxicaciones, es fundamental garantizar una buena ventilaci\u00f3n, mantener en condiciones \u00f3ptimas los artefactos y conocer las se\u00f1ales de advertencia.<\/p>\n\n\n\n<p class=\"has-black-color has-text-color has-link-color has-medium-font-size wp-elements-1333ce79bcb26ee28d69020ed8b3281b\"><strong>\u2705 Instalaciones y artefactos seguros<\/strong><\/p>\n\n\n\n<figure class=\"wp-block-image size-full\"><img loading=\"lazy\" decoding=\"async\" width=\"700\" height=\"252\" src=\"https:\/\/media-nonprod.mendoza.gob.ar\/informacion-oficial\/uploads\/sites\/16\/2025\/07\/image-4.png\" alt=\"\" class=\"wp-image-1044\" srcset=\"https:\/\/media-nonprod.mendoza.gob.ar\/informacion-oficial\/uploads\/sites\/16\/2025\/07\/image-4.png 700w, https:\/\/media-nonprod.mendoza.gob.ar\/informacion-oficial\/uploads\/sites\/16\/2025\/07\/image-4-480x173.png 480w\" sizes=\"(min-width: 0px) and (max-width: 480px) 480px, (min-width: 481px) 700px, 100vw\" \/><\/figure>\n\n\n\n<p class=\"has-black-color has-text-color has-link-color wp-elements-ed579a57286061c7cb8cbb2b59a0b045\">\u2714 Contrat\u00e1 siempre un gasista matriculado para la instalaci\u00f3n y el mantenimiento de artefactos a gas.<\/p>\n\n\n\n<p class=\"has-black-color has-text-color has-link-color wp-elements-a2176cdddac783d85770c3ec5591e1a0\">\u2714 Us\u00e1 artefactos homologados y con salida al exterior (tiro balanceado) en ambientes cerrados.<\/p>\n\n\n\n<p class=\"has-black-color has-text-color has-link-color wp-elements-ac47e59aeb4b92891c69df81e9df4ada\">\u2714 Revis\u00e1 peri\u00f3dicamente el estado de calefones, estufas, calefactores y cocinas.<\/p>\n\n\n\n<p class=\"has-black-color has-text-color has-link-color wp-elements-7b6ce3ecd9704e8a8563cbb236c6249e\">\u2714 Verific\u00e1 que la llama de los artefactos sea azul. Si es amarilla o anaranjada, apag\u00e1 el artefacto y consult\u00e1 con un gasista matriculado, porque est\u00e1s expuesto a emanaciones de Mon\u00f3xido de Carbono.<\/p>\n\n\n\n<p class=\"has-black-color has-text-color has-link-color wp-elements-a6d59cf45d572b31b696ac06658c40ec\">\u2714<strong> <\/strong>Revis\u00e1 que los conductos de evacuaci\u00f3n de gases o humo de combusti\u00f3n, no est\u00e9n obstruidos ni desconectados.<\/p>\n\n\n\n<p class=\"has-black-color has-text-color has-link-color wp-elements-5ad5732acd673c1b60a30f3a68078ac6\">\ud83d\udeab No us\u00e9s hornallas, hornos, ni braseros para calefaccionar ambientes.<\/p>\n\n\n\n<p class=\"has-black-color has-text-color has-link-color wp-elements-876f178beb4e913bd55cb7cdce403d11\">\ud83d\udeab No instal\u00e9s calefones en ba\u00f1os o dormitorios sin ventilaci\u00f3n.<\/p>\n\n\n\n<p class=\"has-black-color has-text-color has-link-color has-medium-font-size wp-elements-6752190c4e42a579cf3b71fa5b65b4a7\"><strong>\ud83d\udd04 Ventilaci\u00f3n: una medida vital<\/strong><\/p>\n\n\n\n<figure class=\"wp-block-image size-full\"><img loading=\"lazy\" decoding=\"async\" width=\"700\" height=\"252\" src=\"https:\/\/media-nonprod.mendoza.gob.ar\/informacion-oficial\/uploads\/sites\/16\/2025\/07\/image-5.png\" alt=\"\" class=\"wp-image-1045\" srcset=\"https:\/\/media-nonprod.mendoza.gob.ar\/informacion-oficial\/uploads\/sites\/16\/2025\/07\/image-5.png 700w, https:\/\/media-nonprod.mendoza.gob.ar\/informacion-oficial\/uploads\/sites\/16\/2025\/07\/image-5-480x173.png 480w\" sizes=\"(min-width: 0px) and (max-width: 480px) 480px, (min-width: 481px) 700px, 100vw\" \/><\/figure>\n\n\n\n<p class=\"has-black-color has-text-color has-link-color wp-elements-71b38874b167d83bc877db40597747fe\">\u2714 No tap\u00e9s ni obstruy\u00e1s rejillas de ventilaci\u00f3n en paredes, puertas o ventanas.<\/p>\n\n\n\n<p class=\"has-black-color has-text-color has-link-color wp-elements-d3e64611533948189fb4aae34ec4ee0c\">\u2714 Si tu hogar no cuenta con rejillas adecuadas, manten\u00e9 al menos dos aberturas (ventanas, puertas o ventiletes) entreabiertos para favorecer la circulaci\u00f3n del aire.<\/p>\n\n\n\n<p class=\"has-black-color has-text-color has-link-color wp-elements-7d311b3cc110611b4a146392ee40494f\">\u2714 Si por fuerza mayor deb\u00e9s usar braseros, hacelo en ambientes ventilados y apagalos antes de dormir. Record\u00e1 que su uso no es recomendado.<\/p>\n\n\n\n<p class=\"has-black-color has-text-color has-link-color has-medium-font-size wp-elements-00d8d2288daeb0a2bcff8842234757ad\"><strong>\u26a0\ufe0f Se\u00f1ales de intoxicaci\u00f3n<\/strong><\/p>\n\n\n\n<figure class=\"wp-block-image size-full\"><img loading=\"lazy\" decoding=\"async\" width=\"700\" height=\"252\" src=\"https:\/\/media-nonprod.mendoza.gob.ar\/informacion-oficial\/uploads\/sites\/16\/2025\/07\/image-6.png\" alt=\"\" class=\"wp-image-1046\" srcset=\"https:\/\/media-nonprod.mendoza.gob.ar\/informacion-oficial\/uploads\/sites\/16\/2025\/07\/image-6.png 700w, https:\/\/media-nonprod.mendoza.gob.ar\/informacion-oficial\/uploads\/sites\/16\/2025\/07\/image-6-480x173.png 480w\" sizes=\"(min-width: 0px) and (max-width: 480px) 480px, (min-width: 481px) 700px, 100vw\" \/><\/figure>\n\n\n\n<p class=\"has-black-color has-text-color has-link-color wp-elements-c8952796cb44837067f7697d71e67067\">\u2757Dolor de cabeza, mareos, n\u00e1useas o v\u00f3mitos.<\/p>\n\n\n\n<p class=\"has-black-color has-text-color has-link-color wp-elements-6622414df39b3c9a9a41f3663150c57b\">\u2757Sensaci\u00f3n de debilidad, confusi\u00f3n o somnolencia.<\/p>\n\n\n\n<p class=\"has-black-color has-text-color has-link-color wp-elements-1b8e08e4881d86283ee4261a0c182f31\">\u2757P\u00e9rdida del conocimiento.<\/p>\n\n\n\n<h4 class=\"wp-block-heading has-black-color has-text-color has-link-color has-medium-font-size wp-elements-2cb9324bab8b848438f12d7c67b43d85\"><strong>\u274c Evit\u00e1 estas pr\u00e1cticas peligrosas<\/strong><\/h4>\n\n\n\n<p class=\"has-black-color has-text-color has-link-color wp-elements-59a9677fcb7632f4fc2d1ead2a01e133\">\ud83d\udeab No utilic\u00e9s estufas sin salida al exterior en habitaciones cerradas.<\/p>\n\n\n\n<p class=\"has-black-color has-text-color has-link-color wp-elements-8b99cd7d2ca11b61b350fb4bc8bd20d3\">\ud83d\udeab No duermas con braseros o estufas a le\u00f1a encendidas.<\/p>\n\n\n\n<p class=\"has-black-color has-text-color has-link-color wp-elements-be68e3ae3a6b90f68163e382472d7bbf\">\ud83d\udeab No cerr\u00e9s completamente los ambientes sin permitir renovaci\u00f3n de aire.<\/p>\n\n\n\n<p class=\"has-black-color has-text-color has-link-color wp-elements-bbca4fa2fe3c76bf31255174968b671f\">\ud83d\udeab No sell\u00e9s ni obstruya rejillas de ventilaci\u00f3n.<\/p>\n\n\n\n<p class=\"has-black-color has-text-color has-link-color wp-elements-17190f8c21227552c0d9b4e72b5ae64e\">\ud83d\udeab No instal\u00e9s artefactos a gas sin la intervenci\u00f3n de un profesional matriculado.<\/p>\n\n\n\n<h4 class=\"wp-block-heading has-black-color has-text-color has-link-color has-medium-font-size wp-elements-8d3cc4e3ec7607a9d9bdfb227fb79c7e\"><strong>\ud83d\udce2 En caso de emergencia<\/strong><\/h4>\n\n\n\n<figure class=\"wp-block-image size-full\"><img loading=\"lazy\" decoding=\"async\" width=\"700\" height=\"252\" src=\"https:\/\/media-nonprod.mendoza.gob.ar\/informacion-oficial\/uploads\/sites\/16\/2025\/07\/image-7.png\" alt=\"\" class=\"wp-image-1047\" srcset=\"https:\/\/media-nonprod.mendoza.gob.ar\/informacion-oficial\/uploads\/sites\/16\/2025\/07\/image-7.png 700w, https:\/\/media-nonprod.mendoza.gob.ar\/informacion-oficial\/uploads\/sites\/16\/2025\/07\/image-7-480x173.png 480w\" sizes=\"(min-width: 0px) and (max-width: 480px) 480px, (min-width: 481px) 700px, 100vw\" \/><\/figure>\n\n\n\n<p class=\"has-black-color has-text-color has-link-color wp-elements-ed1fb10fa5451200fc0850abf7945d1c\">\ud83d\udd38 Ventil\u00e1 el ambiente abriendo puertas y ventanas.<\/p>\n\n\n\n<p class=\"has-black-color has-text-color has-link-color wp-elements-90460a1fb5ac46cd7051e6f5f1294d8f\">\ud83d\udd38 Cort\u00e1 el suministro de gas si es seguro hacerlo.<\/p>\n\n\n\n<p class=\"has-black-color has-text-color has-link-color wp-elements-037896bff058eb2ecdd4a348cc2706c2\">\ud83d\udd38 Evacu\u00e1 a las personas afectadas a un \u00e1rea bien ventilada.<\/p>\n\n\n\n<p class=\"has-black-color has-text-color has-link-color wp-elements-6d05a7c889619216640ab2e1be9fc49d\">\ud83d\udd38 Inform\u00e1 a los servicios de emergencia y a un t\u00e9cnico matriculado.<\/p>\n\n\n\n<p class=\"has-black-color has-text-color has-link-color wp-elements-5360d1abf231a7ded01b3d66acef059f\">\ud83d\udd38 No regres\u00e9s hasta que la inspecci\u00f3n, confirme que el lugar es seguro<\/p>\n\n\n\n<figure class=\"wp-block-image size-full\"><img loading=\"lazy\" decoding=\"async\" width=\"700\" height=\"252\" src=\"https:\/\/media-nonprod.mendoza.gob.ar\/informacion-oficial\/uploads\/sites\/16\/2025\/07\/image-8.png\" alt=\"\" class=\"wp-image-1048\" srcset=\"https:\/\/media-nonprod.mendoza.gob.ar\/informacion-oficial\/uploads\/sites\/16\/2025\/07\/image-8.png 700w, https:\/\/media-nonprod.mendoza.gob.ar\/informacion-oficial\/uploads\/sites\/16\/2025\/07\/image-8-480x173.png 480w\" sizes=\"(min-width: 0px) and (max-width: 480px) 480px, (min-width: 481px) 700px, 100vw\" \/><\/figure>\n\n\n\n<p class=\"has-black-color has-text-color has-link-color wp-elements-e5ab6d349b23fe9ed27853adae6bde00\">Siguiendo estas recomendaciones, podemos prevenir accidentes y proteger nuestra salud. \ud83d\udd35\u26a0\ufe0f<\/p>\n\n\n\n<figure class=\"wp-block-image size-full\"><img loading=\"lazy\" decoding=\"async\" width=\"700\" height=\"252\" src=\"https:\/\/media-nonprod.mendoza.gob.ar\/informacion-oficial\/uploads\/sites\/16\/2025\/07\/image-9.png\" alt=\"\" class=\"wp-image-1049\" srcset=\"https:\/\/media-nonprod.mendoza.gob.ar\/informacion-oficial\/uploads\/sites\/16\/2025\/07\/image-9.png 700w, https:\/\/media-nonprod.mendoza.gob.ar\/informacion-oficial\/uploads\/sites\/16\/2025\/07\/image-9-480x173.png 480w\" sizes=\"(min-width: 0px) and (max-width: 480px) 480px, (min-width: 481px) 700px, 100vw\" \/><\/figure>\n\n\n\n<p><\/p>\n\n\n\n<p><\/p>\n[\/et_pb_text][\/et_pb_column][\/et_pb_row][\/et_pb_section]","protected":false},"excerpt":{"rendered":"<p>\u26a0 Prevenci\u00f3n y Seguridad El mon\u00f3xido de carbono (CO) es un gas altamente t\u00f3xico, dif\u00edcil de detectar porque no tiene olor, color ni sabor. Se produce por la combusti\u00f3n incompleta de materiales como gas natural, le\u00f1a, carb\u00f3n, kerosene, alcohol y otros combustibles. Para prevenir intoxicaciones, es fundamental garantizar una buena ventilaci\u00f3n, mantener en condiciones \u00f3ptimas [&hellip;]<\/p>\n","protected":false},"author":26,"featured_media":0,"parent":0,"menu_order":0,"comment_status":"closed","ping_status":"closed","template":"","meta":{"_et_pb_use_builder":"on","_et_pb_old_content":"<!-- wp:paragraph {\"style\":{\"elements\":{\"link\":{\"color\":{\"text\":\"var:preset|color|black\"}}}},\"textColor\":\"black\",\"fontSize\":\"medium\"} -->\n<p class=\"has-black-color has-text-color has-link-color has-medium-font-size\"><strong>\u26a0  Prevenci\u00f3n y Seguridad<\/strong><\/p>\n<!-- \/wp:paragraph -->\n\n<!-- wp:image {\"id\":1043,\"width\":\"696px\",\"height\":\"auto\",\"sizeSlug\":\"full\",\"linkDestination\":\"none\"} -->\n<figure class=\"wp-block-image size-full is-resized\"><img src=\"https:\/\/media-nonprod.mendoza.gob.ar\/informacion-oficial\/uploads\/sites\/16\/2025\/07\/image-3.png\" alt=\"\" class=\"wp-image-1043\" style=\"width:696px;height:auto\" \/><\/figure>\n<!-- \/wp:image -->\n\n<!-- wp:paragraph {\"style\":{\"elements\":{\"link\":{\"color\":{\"text\":\"var:preset|color|black\"}}}},\"textColor\":\"black\"} -->\n<p class=\"has-black-color has-text-color has-link-color\">El mon\u00f3xido de carbono (CO) es un gas altamente t\u00f3xico, dif\u00edcil de detectar porque no tiene olor, color ni sabor. Se produce por la combusti\u00f3n<strong> <\/strong>incompleta de materiales como gas natural, le\u00f1a, carb\u00f3n, kerosene<strong>, <\/strong>alcohol y otros combustibles. Para prevenir intoxicaciones, es fundamental garantizar una buena ventilaci\u00f3n, mantener en condiciones \u00f3ptimas los artefactos y conocer las se\u00f1ales de advertencia.<\/p>\n<!-- \/wp:paragraph -->\n\n<!-- wp:paragraph {\"style\":{\"elements\":{\"link\":{\"color\":{\"text\":\"var:preset|color|black\"}}}},\"textColor\":\"black\",\"fontSize\":\"medium\"} -->\n<p class=\"has-black-color has-text-color has-link-color has-medium-font-size\"><strong>\u2705 Instalaciones y artefactos seguros<\/strong><\/p>\n<!-- \/wp:paragraph -->\n\n<!-- wp:image {\"id\":1044,\"sizeSlug\":\"full\",\"linkDestination\":\"none\"} -->\n<figure class=\"wp-block-image size-full\"><img src=\"https:\/\/media-nonprod.mendoza.gob.ar\/informacion-oficial\/uploads\/sites\/16\/2025\/07\/image-4.png\" alt=\"\" class=\"wp-image-1044\" \/><\/figure>\n<!-- \/wp:image -->\n\n<!-- wp:paragraph {\"style\":{\"elements\":{\"link\":{\"color\":{\"text\":\"var:preset|color|black\"}}}},\"textColor\":\"black\"} -->\n<p class=\"has-black-color has-text-color has-link-color\">\u2714 Contrat\u00e1 siempre un gasista matriculado para la instalaci\u00f3n y el mantenimiento de artefactos a gas.<\/p>\n<!-- \/wp:paragraph -->\n\n<!-- wp:paragraph {\"style\":{\"elements\":{\"link\":{\"color\":{\"text\":\"var:preset|color|black\"}}}},\"textColor\":\"black\"} -->\n<p class=\"has-black-color has-text-color has-link-color\">\u2714 Us\u00e1 artefactos homologados y con salida al exterior (tiro balanceado) en ambientes cerrados.<\/p>\n<!-- \/wp:paragraph -->\n\n<!-- wp:paragraph {\"style\":{\"elements\":{\"link\":{\"color\":{\"text\":\"var:preset|color|black\"}}}},\"textColor\":\"black\"} -->\n<p class=\"has-black-color has-text-color has-link-color\">\u2714 Revis\u00e1 peri\u00f3dicamente el estado de calefones, estufas, calefactores y cocinas.<\/p>\n<!-- \/wp:paragraph -->\n\n<!-- wp:paragraph {\"style\":{\"elements\":{\"link\":{\"color\":{\"text\":\"var:preset|color|black\"}}}},\"textColor\":\"black\"} -->\n<p class=\"has-black-color has-text-color has-link-color\">\u2714 Verific\u00e1 que la llama de los artefactos sea azul. Si es amarilla o anaranjada, apag\u00e1 el artefacto y consult\u00e1 con un gasista matriculado, porque est\u00e1s expuesto a emanaciones de Mon\u00f3xido de Carbono.<\/p>\n<!-- \/wp:paragraph -->\n\n<!-- wp:paragraph {\"style\":{\"elements\":{\"link\":{\"color\":{\"text\":\"var:preset|color|black\"}}}},\"textColor\":\"black\"} -->\n<p class=\"has-black-color has-text-color has-link-color\">\u2714<strong> <\/strong>Revis\u00e1 que los conductos de evacuaci\u00f3n de gases o humo de combusti\u00f3n, no est\u00e9n obstruidos ni desconectados.<\/p>\n<!-- \/wp:paragraph -->\n\n<!-- wp:paragraph {\"style\":{\"elements\":{\"link\":{\"color\":{\"text\":\"var:preset|color|black\"}}}},\"textColor\":\"black\"} -->\n<p class=\"has-black-color has-text-color has-link-color\">\ud83d\udeab No us\u00e9s hornallas, hornos, ni braseros para calefaccionar ambientes.<\/p>\n<!-- \/wp:paragraph -->\n\n<!-- wp:paragraph {\"style\":{\"elements\":{\"link\":{\"color\":{\"text\":\"var:preset|color|black\"}}}},\"textColor\":\"black\"} -->\n<p class=\"has-black-color has-text-color has-link-color\">\ud83d\udeab No instal\u00e9s calefones en ba\u00f1os o dormitorios sin ventilaci\u00f3n.<\/p>\n<!-- \/wp:paragraph -->\n\n<!-- wp:paragraph {\"style\":{\"elements\":{\"link\":{\"color\":{\"text\":\"var:preset|color|black\"}}}},\"textColor\":\"black\",\"fontSize\":\"medium\"} -->\n<p class=\"has-black-color has-text-color has-link-color has-medium-font-size\"><strong>\ud83d\udd04 Ventilaci\u00f3n: una medida vital<\/strong><\/p>\n<!-- \/wp:paragraph -->\n\n<!-- wp:image {\"id\":1045,\"sizeSlug\":\"full\",\"linkDestination\":\"none\"} -->\n<figure class=\"wp-block-image size-full\"><img src=\"https:\/\/media-nonprod.mendoza.gob.ar\/informacion-oficial\/uploads\/sites\/16\/2025\/07\/image-5.png\" alt=\"\" class=\"wp-image-1045\" \/><\/figure>\n<!-- \/wp:image -->\n\n<!-- wp:paragraph {\"style\":{\"elements\":{\"link\":{\"color\":{\"text\":\"var:preset|color|black\"}}}},\"textColor\":\"black\"} -->\n<p class=\"has-black-color has-text-color has-link-color\">\u2714 No tap\u00e9s ni obstruy\u00e1s rejillas de ventilaci\u00f3n en paredes, puertas o ventanas.<\/p>\n<!-- \/wp:paragraph -->\n\n<!-- wp:paragraph {\"style\":{\"elements\":{\"link\":{\"color\":{\"text\":\"var:preset|color|black\"}}}},\"textColor\":\"black\"} -->\n<p class=\"has-black-color has-text-color has-link-color\">\u2714 Si tu hogar no cuenta con rejillas adecuadas, manten\u00e9 al menos dos aberturas (ventanas, puertas o ventiletes) entreabiertos para favorecer la circulaci\u00f3n del aire.<\/p>\n<!-- \/wp:paragraph -->\n\n<!-- wp:paragraph {\"style\":{\"elements\":{\"link\":{\"color\":{\"text\":\"var:preset|color|black\"}}}},\"textColor\":\"black\"} -->\n<p class=\"has-black-color has-text-color has-link-color\">\u2714 Si por fuerza mayor deb\u00e9s usar braseros, hacelo en ambientes ventilados y apagalos antes de dormir. Record\u00e1 que su uso no es recomendado.<\/p>\n<!-- \/wp:paragraph -->\n\n<!-- wp:paragraph {\"style\":{\"elements\":{\"link\":{\"color\":{\"text\":\"var:preset|color|black\"}}}},\"textColor\":\"black\",\"fontSize\":\"medium\"} -->\n<p class=\"has-black-color has-text-color has-link-color has-medium-font-size\"><strong>\u26a0\ufe0f Se\u00f1ales de intoxicaci\u00f3n<\/strong><\/p>\n<!-- \/wp:paragraph -->\n\n<!-- wp:image {\"id\":1046,\"sizeSlug\":\"full\",\"linkDestination\":\"none\"} -->\n<figure class=\"wp-block-image size-full\"><img src=\"https:\/\/media-nonprod.mendoza.gob.ar\/informacion-oficial\/uploads\/sites\/16\/2025\/07\/image-6.png\" alt=\"\" class=\"wp-image-1046\" \/><\/figure>\n<!-- \/wp:image -->\n\n<!-- wp:paragraph {\"style\":{\"elements\":{\"link\":{\"color\":{\"text\":\"var:preset|color|black\"}}}},\"textColor\":\"black\"} -->\n<p class=\"has-black-color has-text-color has-link-color\">\u2757Dolor de cabeza, mareos, n\u00e1useas o v\u00f3mitos.<\/p>\n<!-- \/wp:paragraph -->\n\n<!-- wp:paragraph {\"style\":{\"elements\":{\"link\":{\"color\":{\"text\":\"var:preset|color|black\"}}}},\"textColor\":\"black\"} -->\n<p class=\"has-black-color has-text-color has-link-color\">\u2757Sensaci\u00f3n de debilidad, confusi\u00f3n o somnolencia.<\/p>\n<!-- \/wp:paragraph -->\n\n<!-- wp:paragraph {\"style\":{\"elements\":{\"link\":{\"color\":{\"text\":\"var:preset|color|black\"}}}},\"textColor\":\"black\"} -->\n<p class=\"has-black-color has-text-color has-link-color\">\u2757P\u00e9rdida del conocimiento.<\/p>\n<!-- \/wp:paragraph -->\n\n<!-- wp:heading {\"level\":4,\"style\":{\"elements\":{\"link\":{\"color\":{\"text\":\"var:preset|color|black\"}}}},\"textColor\":\"black\",\"fontSize\":\"medium\"} -->\n<h4 class=\"wp-block-heading has-black-color has-text-color has-link-color has-medium-font-size\"><strong>\u274c Evit\u00e1 estas pr\u00e1cticas peligrosas<\/strong><\/h4>\n<!-- \/wp:heading -->\n\n<!-- wp:paragraph {\"style\":{\"elements\":{\"link\":{\"color\":{\"text\":\"var:preset|color|black\"}}}},\"textColor\":\"black\"} -->\n<p class=\"has-black-color has-text-color has-link-color\">\ud83d\udeab No utilic\u00e9s estufas sin salida al exterior en habitaciones cerradas.<\/p>\n<!-- \/wp:paragraph -->\n\n<!-- wp:paragraph {\"style\":{\"elements\":{\"link\":{\"color\":{\"text\":\"var:preset|color|black\"}}}},\"textColor\":\"black\"} -->\n<p class=\"has-black-color has-text-color has-link-color\">\ud83d\udeab No duermas con braseros o estufas a le\u00f1a encendidas.<\/p>\n<!-- \/wp:paragraph -->\n\n<!-- wp:paragraph {\"style\":{\"elements\":{\"link\":{\"color\":{\"text\":\"var:preset|color|black\"}}}},\"textColor\":\"black\"} -->\n<p class=\"has-black-color has-text-color has-link-color\">\ud83d\udeab No cerr\u00e9s completamente los ambientes sin permitir renovaci\u00f3n de aire.<\/p>\n<!-- \/wp:paragraph -->\n\n<!-- wp:paragraph {\"style\":{\"elements\":{\"link\":{\"color\":{\"text\":\"var:preset|color|black\"}}}},\"textColor\":\"black\"} -->\n<p class=\"has-black-color has-text-color has-link-color\">\ud83d\udeab No sell\u00e9s ni obstruya rejillas de ventilaci\u00f3n.<\/p>\n<!-- \/wp:paragraph -->\n\n<!-- wp:paragraph {\"style\":{\"elements\":{\"link\":{\"color\":{\"text\":\"var:preset|color|black\"}}}},\"textColor\":\"black\"} -->\n<p class=\"has-black-color has-text-color has-link-color\">\ud83d\udeab No instal\u00e9s artefactos a gas sin la intervenci\u00f3n de un profesional matriculado.<\/p>\n<!-- \/wp:paragraph -->\n\n<!-- wp:heading {\"level\":4,\"style\":{\"elements\":{\"link\":{\"color\":{\"text\":\"var:preset|color|black\"}}}},\"textColor\":\"black\",\"fontSize\":\"medium\"} -->\n<h4 class=\"wp-block-heading has-black-color has-text-color has-link-color has-medium-font-size\"><strong>\ud83d\udce2 En caso de emergencia<\/strong><\/h4>\n<!-- \/wp:heading -->\n\n<!-- wp:image {\"id\":1047,\"sizeSlug\":\"full\",\"linkDestination\":\"none\"} -->\n<figure class=\"wp-block-image size-full\"><img src=\"https:\/\/media-nonprod.mendoza.gob.ar\/informacion-oficial\/uploads\/sites\/16\/2025\/07\/image-7.png\" alt=\"\" class=\"wp-image-1047\" \/><\/figure>\n<!-- \/wp:image -->\n\n<!-- wp:paragraph {\"style\":{\"elements\":{\"link\":{\"color\":{\"text\":\"var:preset|color|black\"}}}},\"textColor\":\"black\"} -->\n<p class=\"has-black-color has-text-color has-link-color\">\ud83d\udd38 Ventil\u00e1 el ambiente abriendo puertas y ventanas.<\/p>\n<!-- \/wp:paragraph -->\n\n<!-- wp:paragraph {\"style\":{\"elements\":{\"link\":{\"color\":{\"text\":\"var:preset|color|black\"}}}},\"textColor\":\"black\"} -->\n<p class=\"has-black-color has-text-color has-link-color\">\ud83d\udd38 Cort\u00e1 el suministro de gas si es seguro hacerlo.<\/p>\n<!-- \/wp:paragraph -->\n\n<!-- wp:paragraph {\"style\":{\"elements\":{\"link\":{\"color\":{\"text\":\"var:preset|color|black\"}}}},\"textColor\":\"black\"} -->\n<p class=\"has-black-color has-text-color has-link-color\">\ud83d\udd38 Evacu\u00e1 a las personas afectadas a un \u00e1rea bien ventilada.<\/p>\n<!-- \/wp:paragraph -->\n\n<!-- wp:paragraph {\"style\":{\"elements\":{\"link\":{\"color\":{\"text\":\"var:preset|color|black\"}}}},\"textColor\":\"black\"} -->\n<p class=\"has-black-color has-text-color has-link-color\">\ud83d\udd38 Inform\u00e1 a los servicios de emergencia y a un t\u00e9cnico matriculado.<\/p>\n<!-- \/wp:paragraph -->\n\n<!-- wp:paragraph {\"style\":{\"elements\":{\"link\":{\"color\":{\"text\":\"var:preset|color|black\"}}}},\"textColor\":\"black\"} -->\n<p class=\"has-black-color has-text-color has-link-color\">\ud83d\udd38 No regres\u00e9s hasta que la inspecci\u00f3n, confirme que el lugar es seguro<\/p>\n<!-- \/wp:paragraph -->\n\n<!-- wp:image {\"id\":1048,\"sizeSlug\":\"full\",\"linkDestination\":\"none\"} -->\n<figure class=\"wp-block-image size-full\"><img src=\"https:\/\/media-nonprod.mendoza.gob.ar\/informacion-oficial\/uploads\/sites\/16\/2025\/07\/image-8.png\" alt=\"\" class=\"wp-image-1048\" \/><\/figure>\n<!-- \/wp:image -->\n\n<!-- wp:paragraph {\"style\":{\"elements\":{\"link\":{\"color\":{\"text\":\"var:preset|color|black\"}}}},\"textColor\":\"black\"} -->\n<p class=\"has-black-color has-text-color has-link-color\">Siguiendo estas recomendaciones, podemos prevenir accidentes y proteger nuestra salud. \ud83d\udd35\u26a0\ufe0f<\/p>\n<!-- \/wp:paragraph -->\n\n<!-- wp:image {\"id\":1049,\"sizeSlug\":\"full\",\"linkDestination\":\"none\"} -->\n<figure class=\"wp-block-image size-full\"><img src=\"https:\/\/media-nonprod.mendoza.gob.ar\/informacion-oficial\/uploads\/sites\/16\/2025\/07\/image-9.png\" alt=\"\" class=\"wp-image-1049\" \/><\/figure>\n<!-- \/wp:image -->\n\n<!-- wp:paragraph -->\n<p><\/p>\n<!-- \/wp:paragraph -->\n\n<!-- wp:paragraph -->\n<p><\/p>\n<!-- \/wp:paragraph -->","_et_gb_content_width":"1080","footnotes":""},"class_list":["post-1042","page","type-page","status-publish","hentry"],"_links":{"self":[{"href":"https:\/\/sitios-nonprod.mendoza.gob.ar\/seguridadyjusticia\/wp-json\/wp\/v2\/pages\/1042","targetHints":{"allow":["GET"]}}],"collection":[{"href":"https:\/\/sitios-nonprod.mendoza.gob.ar\/seguridadyjusticia\/wp-json\/wp\/v2\/pages"}],"about":[{"href":"https:\/\/sitios-nonprod.mendoza.gob.ar\/seguridadyjusticia\/wp-json\/wp\/v2\/types\/page"}],"author":[{"embeddable":true,"href":"https:\/\/sitios-nonprod.mendoza.gob.ar\/seguridadyjusticia\/wp-json\/wp\/v2\/users\/26"}],"replies":[{"embeddable":true,"href":"https:\/\/sitios-nonprod.mendoza.gob.ar\/seguridadyjusticia\/wp-json\/wp\/v2\/comments?post=1042"}],"version-history":[{"count":4,"href":"https:\/\/sitios-nonprod.mendoza.gob.ar\/seguridadyjusticia\/wp-json\/wp\/v2\/pages\/1042\/revisions"}],"predecessor-version":[{"id":1837,"href":"https:\/\/sitios-nonprod.mendoza.gob.ar\/seguridadyjusticia\/wp-json\/wp\/v2\/pages\/1042\/revisions\/1837"}],"wp:attachment":[{"href":"https:\/\/sitios-nonprod.mendoza.gob.ar\/seguridadyjusticia\/wp-json\/wp\/v2\/media?parent=1042"}],"curies":[{"name":"wp","href":"https:\/\/api.w.org\/{rel}","templated":true}]}}