{"id":1057,"date":"2025-07-23T21:11:40","date_gmt":"2025-07-23T19:11:40","guid":{"rendered":"https:\/\/sitios-nonprod.mendoza.gob.ar\/seguridadyjusticia\/?page_id=1057"},"modified":"2025-08-13T19:23:01","modified_gmt":"2025-08-13T17:23:01","slug":"sismo","status":"publish","type":"page","link":"https:\/\/sitios-nonprod.mendoza.gob.ar\/seguridadyjusticia\/sismo\/","title":{"rendered":"Sismo"},"content":{"rendered":"[et_pb_section fb_built=\u00bb1&#8243; admin_label=\u00bbsection\u00bb _builder_version=\u00bb4.16&#8243; global_colors_info=\u00bb{}\u00bb][et_pb_row admin_label=\u00bbrow\u00bb _builder_version=\u00bb4.16&#8243; background_size=\u00bbinitial\u00bb background_position=\u00bbtop_left\u00bb background_repeat=\u00bbrepeat\u00bb global_colors_info=\u00bb{}\u00bb][et_pb_column type=\u00bb4_4&#8243; _builder_version=\u00bb4.16&#8243; custom_padding=\u00bb|||\u00bb global_colors_info=\u00bb{}\u00bb custom_padding__hover=\u00bb|||\u00bb][et_pb_post_title _builder_version=\u00bb4.27.4&#8243; _module_preset=\u00bbdefault\u00bb meta=\u00bboff\u00bb featured_image=\u00bboff\u00bb hover_enabled=\u00bb0&#8243; sticky_enabled=\u00bb0&#8243; locked=\u00bboff\u00bb][\/et_pb_post_title][et_pb_text admin_label=\u00bbText\u00bb _builder_version=\u00bb4.16&#8243; background_size=\u00bbinitial\u00bb background_position=\u00bbtop_left\u00bb background_repeat=\u00bbrepeat\u00bb global_colors_info=\u00bb{}\u00bb]\n<h4 class=\"wp-block-heading has-black-color has-text-color has-link-color has-medium-font-size wp-elements-a3014c5d6c76e362edec61402d3e7957\"><strong>C\u00f3mo actuar ante un sismo<\/strong><\/h4>\n\n\n\n<p class=\"has-black-color has-text-color has-link-color wp-elements-eb1366c801b079953c92047e8c6ce25a\">Mendoza es una zona de alto riesgo s\u00edsmico, por lo que estar preparado es fundamental. Segu\u00ed estas recomendaciones para protegerte y reducir los riesgos.<\/p>\n\n\n\n<h4 class=\"wp-block-heading has-black-color has-text-color has-link-color has-medium-font-size wp-elements-5266df368712f61d0505991897e2bbfb\">Antes de un sismo<\/h4>\n\n\n\n<p class=\"has-black-color has-text-color has-link-color wp-elements-a3a335e87c06b0faf9e8d3cec609bbf9\">\u2705 Organiz\u00e1 la autoprotecci\u00f3n de tu hogar. Cada familia debe tener un plan de emergencia.<\/p>\n\n\n\n<p class=\"has-black-color has-text-color has-link-color wp-elements-474e14f5cec804bc64ae08e9ca7fd294\">\u2705 Desarroll\u00e1 un PAF (Plan de Acci\u00f3n Familiar). Defin\u00ed roles y puntos de encuentro con tu familia para saber c\u00f3mo actuar antes, durante y despu\u00e9s de un sismo. (disponible para descargar al inicio de esta p\u00e1gina)<\/p>\n\n\n\n<p class=\"has-black-color has-text-color has-link-color wp-elements-4254c8d78ea5b5cad22291927f827f5e\">\u2705 Aprend\u00e9 primeros auxilios<strong>.<\/strong> Saber actuar ante fracturas, hemorragias o asfixias puede salvar vidas.<\/p>\n\n\n\n<p class=\"has-black-color has-text-color has-link-color wp-elements-865f91b7c1f9bc80c3d33092b066635e\">\u2705 Ubic\u00e1 las llaves de gas, agua y electricidad. Aprend\u00e9 a cerrarlas en caso de emergencia.<\/p>\n\n\n\n<p class=\"has-black-color has-text-color has-link-color wp-elements-d6ac0aea521915bb340ff3392b324242\">\u2705 Control\u00e1 la mochila de emergencia<strong>.<\/strong> Que deber\u00e1 tener:\u00a0Linterna, radio a pilas, botiqu\u00edn, agua potable, ropa de estaci\u00f3n, mantas y alimentos no perecederos. Una mochila por persona.<\/p>\n\n\n\n<p class=\"has-black-color has-text-color has-link-color wp-elements-2004cd0d98a88b4efe647bcad2a61364\">\u2705 Asegur\u00e1 muebles y objetos pesados<strong>.<\/strong> Evit\u00e1 que puedan caerse y causar accidentes.<\/p>\n\n\n\n<p class=\"has-black-color has-text-color has-link-color wp-elements-b4b984abba18995da6cc4f3049aaa114\">\u2705 Defin\u00ed los lugares m\u00e1s seguros en casa. Refugiate bajo mesas resistentes o en lugares estructuralmente firmes.<\/p>\n\n\n\n<h4 class=\"wp-block-heading has-black-color has-text-color has-link-color has-medium-font-size wp-elements-5175468fb1d7727c19cc04460f0616a1\"><strong>Durante el sismo<\/strong><\/h4>\n\n\n\n<p class=\"has-black-color has-text-color has-link-color wp-elements-e587d42ae602de61808854d2f9fb5cd2\">\ud83c\udfe0 <strong>Si est\u00e1s en casa:<\/strong><\/p>\n\n\n\n<ul class=\"wp-block-list\">\n<li class=\"has-black-color has-text-color has-link-color wp-elements-3a9b1b084c82f671b98dbd8ecb7b57f8\">Adopt\u00e1 la posici\u00f3n lateral de Seguridad S\u00edsmica. Recostate de lado, protegiendo tu cabeza con un brazo y apoyando la otra mano en el suelo para mayor estabilidad. Esto reduce el riesgo de lesiones en caso de derrumbe.<\/li>\n<\/ul>\n\n\n\n<ul class=\"wp-block-list has-black-color has-text-color has-link-color wp-elements-7601bade8d12cbc0c5c4b3c277f379f3\">\n<li>Refugiate bajo una mesa resistente o en un lugar estructuralmente firme.<\/li>\n<\/ul>\n\n\n\n<ul class=\"wp-block-list has-black-color has-text-color has-link-color wp-elements-5fe78a07ac65a7f3da18b6a80fa5adb2\">\n<li>No us\u00e9s velas ni f\u00f3sforos; una fuga de gas podr\u00eda causar un incendio.<\/li>\n<\/ul>\n\n\n\n<ul class=\"wp-block-list has-black-color has-text-color has-link-color wp-elements-ea39cc803c534d26d7c30edb88cd7f3e\">\n<li>Manten\u00e9 la calma y ayud\u00e1 a tranquilizar a los dem\u00e1s.<\/li>\n<\/ul>\n\n\n\n<p class=\"has-black-color has-text-color has-link-color wp-elements-643b927f35c7c87cc455d64f89772e87\">\ud83c\udfe2 <strong>Si est\u00e1s en un edificio:<\/strong><\/p>\n\n\n\n<ul class=\"wp-block-list has-black-color has-text-color has-link-color wp-elements-20c84920bb9dcab1e7747acef58fdc15\">\n<li>Alejate de ventanas, balcones y muebles de vidrio.<\/li>\n<\/ul>\n\n\n\n<ul class=\"wp-block-list has-black-color has-text-color has-link-color wp-elements-bb2105812ea14776f9e6758ee173d7f3\">\n<li>No us\u00e9s ascensores, ni escaleras.<\/li>\n<\/ul>\n\n\n\n<ul class=\"wp-block-list has-black-color has-text-color has-link-color wp-elements-530c2f8d018caaaa8e642c38d01a69be\">\n<li>Busc\u00e1 resguardo en lugares estructuralmente firmes.<\/li>\n<\/ul>\n\n\n\n<p class=\"has-black-color has-text-color has-link-color wp-elements-ad5e54531340505bce03672d7fd262ca\">\ud83d\ude97 <strong>Si est\u00e1s manejando:<\/strong><\/p>\n\n\n\n<ul class=\"wp-block-list has-black-color has-text-color has-link-color wp-elements-a7d6e3785fccee93c5b65473ddfe51ef\">\n<li>Detenete en un lugar seguro, lejos de puentes, postes y edificios.<\/li>\n<\/ul>\n\n\n\n<ul class=\"wp-block-list has-black-color has-text-color has-link-color wp-elements-c36581e2fb94cf17c3c6da14b8d8f515\">\n<li>Permanec\u00e9 dentro del veh\u00edculo hasta que pase el movimiento.<\/li>\n<\/ul>\n\n\n\n<p class=\"has-black-color has-text-color has-link-color wp-elements-b4c6215da58f4f9f81c14b2ad4ef3cd3\">\ud83c\udf33 <strong>Si est\u00e1s al aire libre:<\/strong><\/p>\n\n\n\n<ul class=\"wp-block-list has-black-color has-text-color has-link-color wp-elements-c76cc8c976965fe767db87de400cc50e\">\n<li>Alejate de edificios, postes, carteles y cables el\u00e9ctricos.<\/li>\n<\/ul>\n\n\n\n<ul class=\"wp-block-list has-black-color has-text-color has-link-color wp-elements-4cc011d68f7c8c23fe273ac660e6c67a\">\n<li>Busc\u00e1 un espacio abierto y seguro.<\/li>\n<\/ul>\n\n\n\n<p class=\"has-black-color has-text-color has-link-color wp-elements-b7a6170927cf9a5f79c182a61b2c5bf3\">\ud83d\udc65 <strong>Si est\u00e1s en un lugar con muchas personas:<\/strong><\/p>\n\n\n\n<ul class=\"wp-block-list has-black-color has-text-color has-link-color wp-elements-403a0e54ac476a8c582d4d3540736020\">\n<li>No corr\u00e1s ni empujes, manten\u00e9 la calma.<\/li>\n<\/ul>\n\n\n\n<ul class=\"wp-block-list has-black-color has-text-color has-link-color wp-elements-ca6bf84a383a10cb5db4a44f702a1714\">\n<li>Protegete entre los asientos o con objetos firmes.<\/li>\n<\/ul>\n\n\n\n<ul class=\"wp-block-list has-black-color has-text-color has-link-color wp-elements-c97e9e97c002270cbcc5e7da2f052c61\">\n<li>Evacu\u00e1 de manera ordenada cuando sea seguro hacerlo.<\/li>\n<\/ul>\n\n\n\n<h4 class=\"wp-block-heading has-black-color has-text-color has-link-color wp-elements-2dbac8ec457175ee4d532ab938b4f18a\"><strong>Despu\u00e9s del sismo<\/strong><\/h4>\n\n\n\n<p class=\"has-black-color has-text-color has-link-color wp-elements-5ef0cdca1531f411b917e60d98f5c8f4\">\u2705 Us\u00e1 calzado cerrado<strong>.<\/strong> Protegete de vidrios rotos y escombros.<\/p>\n\n\n\n<p class=\"has-black-color has-text-color has-link-color wp-elements-1a3db66e669ae12cd71e9170fc5a1270\">\u2705 Dirigite a una zona segura. Evit\u00e1 estructuras da\u00f1adas.<\/p>\n\n\n\n<p class=\"has-black-color has-text-color has-link-color wp-elements-2553c3bf02a71806813fc961554ce8f0\">\u2705 Brind\u00e1 ayuda si es necesario. Verific\u00e1 si alguien est\u00e1 herido.<\/p>\n\n\n\n<p class=\"has-black-color has-text-color has-link-color wp-elements-46a248f6c23011247658f804800c24c1\">\u2705 Cerr\u00e1 el gas y la electricidad<strong>.<\/strong> Solo reactivalos cuando sea seguro.<\/p>\n\n\n\n<p class=\"has-black-color has-text-color has-link-color wp-elements-bdb7372742db6e41ae9fde103e6beffd\">\u2705 No toqu\u00e9s cables ca\u00eddos<strong>.<\/strong> Inform\u00e1 a las autoridades sobre peligros.<\/p>\n\n\n\n<p class=\"has-black-color has-text-color has-link-color wp-elements-eb328d9f068921729406bca28d022e1c\">\u2705 Limit\u00e1 el uso del tel\u00e9fono. Reservalo para emergencias.<\/p>\n\n\n\n<p class=\"has-black-color has-text-color has-link-color wp-elements-619f43addcf5991d5811c5c118d215ce\">\u2705 Informate a trav\u00e9s de Defensa Civil<strong>.<\/strong> Segu\u00ed indicaciones oficiales en medios y redes sociales.<\/p>\n\n\n\n<p class=\"has-black-color has-text-color has-link-color wp-elements-97911e0e751fc3ae0d7e6086b6f5ab95\">\u2705 Aplic\u00e1 el PAF (Plan de Acci\u00f3n Familiar). Comunic\u00e1 a tus familiares tu estado y ubicaci\u00f3n seg\u00fan lo planificado.<\/p>\n\n\n\n<p class=\"has-black-color has-text-color has-link-color has-medium-font-size wp-elements-7c877756531d239b5f4a6d295968de01\">\ud83d\udce2 <strong>En caso de emergencia:<\/strong><\/p>\n\n\n\n<p class=\"has-black-color has-text-color has-link-color wp-elements-3578de9e4a015ad34b6bdf8bdeae3ce6\">\ud83d\udcde <strong>Llam\u00e1 al 911<\/strong> para recibir asistencia o reportar incendios y fugas de gas.<\/p>\n\n\n\n<p class=\"has-black-color has-text-color has-link-color wp-elements-72da54c678c88bd3ba6b0d20268f250e\">Con prevenci\u00f3n y preparaci\u00f3n, podemos reducir los riesgos y protegernos mejor ante un sismo.                                                                                                                                <strong>\u00a1La seguridad es responsabilidad de todos!<\/strong> \ud83d\udea8<\/p>\n[\/et_pb_text][\/et_pb_column][\/et_pb_row][\/et_pb_section]","protected":false},"excerpt":{"rendered":"<p>C\u00f3mo actuar ante un sismo Mendoza es una zona de alto riesgo s\u00edsmico, por lo que estar preparado es fundamental. Segu\u00ed estas recomendaciones para protegerte y reducir los riesgos. Antes de un sismo \u2705 Organiz\u00e1 la autoprotecci\u00f3n de tu hogar. Cada familia debe tener un plan de emergencia. \u2705 Desarroll\u00e1 un PAF (Plan de Acci\u00f3n [&hellip;]<\/p>\n","protected":false},"author":26,"featured_media":0,"parent":0,"menu_order":0,"comment_status":"closed","ping_status":"closed","template":"","meta":{"_et_pb_use_builder":"on","_et_pb_old_content":"<!-- wp:heading {\"level\":4,\"style\":{\"elements\":{\"link\":{\"color\":{\"text\":\"var:preset|color|black\"}}}},\"textColor\":\"black\",\"fontSize\":\"medium\"} -->\n<h4 class=\"wp-block-heading has-black-color has-text-color has-link-color has-medium-font-size\"><strong>C\u00f3mo actuar ante un sismo<\/strong><\/h4>\n<!-- \/wp:heading -->\n\n<!-- wp:paragraph {\"style\":{\"elements\":{\"link\":{\"color\":{\"text\":\"var:preset|color|black\"}}}},\"textColor\":\"black\"} -->\n<p class=\"has-black-color has-text-color has-link-color\">Mendoza es una zona de alto riesgo s\u00edsmico, por lo que estar preparado es fundamental. Segu\u00ed estas recomendaciones para protegerte y reducir los riesgos.<\/p>\n<!-- \/wp:paragraph -->\n\n<!-- wp:heading {\"level\":4,\"style\":{\"elements\":{\"link\":{\"color\":{\"text\":\"var:preset|color|black\"}}}},\"textColor\":\"black\",\"fontSize\":\"medium\"} -->\n<h4 class=\"wp-block-heading has-black-color has-text-color has-link-color has-medium-font-size\">Antes de un sismo<\/h4>\n<!-- \/wp:heading -->\n\n<!-- wp:paragraph {\"style\":{\"elements\":{\"link\":{\"color\":{\"text\":\"var:preset|color|black\"}}}},\"textColor\":\"black\"} -->\n<p class=\"has-black-color has-text-color has-link-color\">\u2705 Organiz\u00e1 la autoprotecci\u00f3n de tu hogar. Cada familia debe tener un plan de emergencia.<\/p>\n<!-- \/wp:paragraph -->\n\n<!-- wp:paragraph {\"style\":{\"elements\":{\"link\":{\"color\":{\"text\":\"var:preset|color|black\"}}}},\"textColor\":\"black\"} -->\n<p class=\"has-black-color has-text-color has-link-color\">\u2705 Desarroll\u00e1 un PAF (Plan de Acci\u00f3n Familiar). Defin\u00ed roles y puntos de encuentro con tu familia para saber c\u00f3mo actuar antes, durante y despu\u00e9s de un sismo. (disponible para descargar al inicio de esta p\u00e1gina)<\/p>\n<!-- \/wp:paragraph -->\n\n<!-- wp:paragraph {\"style\":{\"elements\":{\"link\":{\"color\":{\"text\":\"var:preset|color|black\"}}}},\"textColor\":\"black\"} -->\n<p class=\"has-black-color has-text-color has-link-color\">\u2705 Aprend\u00e9 primeros auxilios<strong>.<\/strong> Saber actuar ante fracturas, hemorragias o asfixias puede salvar vidas.<\/p>\n<!-- \/wp:paragraph -->\n\n<!-- wp:paragraph {\"style\":{\"elements\":{\"link\":{\"color\":{\"text\":\"var:preset|color|black\"}}}},\"textColor\":\"black\"} -->\n<p class=\"has-black-color has-text-color has-link-color\">\u2705 Ubic\u00e1 las llaves de gas, agua y electricidad. Aprend\u00e9 a cerrarlas en caso de emergencia.<\/p>\n<!-- \/wp:paragraph -->\n\n<!-- wp:paragraph {\"style\":{\"elements\":{\"link\":{\"color\":{\"text\":\"var:preset|color|black\"}}}},\"textColor\":\"black\"} -->\n<p class=\"has-black-color has-text-color has-link-color\">\u2705 Control\u00e1 la mochila de emergencia<strong>.<\/strong> Que deber\u00e1 tener:\u00a0Linterna, radio a pilas, botiqu\u00edn, agua potable, ropa de estaci\u00f3n, mantas y alimentos no perecederos. Una mochila por persona.<\/p>\n<!-- \/wp:paragraph -->\n\n<!-- wp:paragraph {\"style\":{\"elements\":{\"link\":{\"color\":{\"text\":\"var:preset|color|black\"}}}},\"textColor\":\"black\"} -->\n<p class=\"has-black-color has-text-color has-link-color\">\u2705 Asegur\u00e1 muebles y objetos pesados<strong>.<\/strong> Evit\u00e1 que puedan caerse y causar accidentes.<\/p>\n<!-- \/wp:paragraph -->\n\n<!-- wp:paragraph {\"style\":{\"elements\":{\"link\":{\"color\":{\"text\":\"var:preset|color|black\"}}}},\"textColor\":\"black\"} -->\n<p class=\"has-black-color has-text-color has-link-color\">\u2705 Defin\u00ed los lugares m\u00e1s seguros en casa. Refugiate bajo mesas resistentes o en lugares estructuralmente firmes.<\/p>\n<!-- \/wp:paragraph -->\n\n<!-- wp:heading {\"level\":4,\"style\":{\"elements\":{\"link\":{\"color\":{\"text\":\"var:preset|color|black\"}}}},\"textColor\":\"black\",\"fontSize\":\"medium\"} -->\n<h4 class=\"wp-block-heading has-black-color has-text-color has-link-color has-medium-font-size\"><strong>Durante el sismo<\/strong><\/h4>\n<!-- \/wp:heading -->\n\n<!-- wp:paragraph {\"style\":{\"elements\":{\"link\":{\"color\":{\"text\":\"var:preset|color|black\"}}}},\"textColor\":\"black\"} -->\n<p class=\"has-black-color has-text-color has-link-color\">\ud83c\udfe0 <strong>Si est\u00e1s en casa:<\/strong><\/p>\n<!-- \/wp:paragraph -->\n\n<!-- wp:list -->\n<ul class=\"wp-block-list\"><!-- wp:list-item {\"style\":{\"elements\":{\"link\":{\"color\":{\"text\":\"var:preset|color|black\"}}}},\"textColor\":\"black\"} -->\n<li class=\"has-black-color has-text-color has-link-color\">Adopt\u00e1 la posici\u00f3n lateral de Seguridad S\u00edsmica. Recostate de lado, protegiendo tu cabeza con un brazo y apoyando la otra mano en el suelo para mayor estabilidad. Esto reduce el riesgo de lesiones en caso de derrumbe.<\/li>\n<!-- \/wp:list-item --><\/ul>\n<!-- \/wp:list -->\n\n<!-- wp:list {\"style\":{\"elements\":{\"link\":{\"color\":{\"text\":\"var:preset|color|black\"}}}},\"textColor\":\"black\"} -->\n<ul class=\"wp-block-list has-black-color has-text-color has-link-color\"><!-- wp:list-item -->\n<li>Refugiate bajo una mesa resistente o en un lugar estructuralmente firme.<\/li>\n<!-- \/wp:list-item --><\/ul>\n<!-- \/wp:list -->\n\n<!-- wp:list {\"style\":{\"elements\":{\"link\":{\"color\":{\"text\":\"var:preset|color|black\"}}}},\"textColor\":\"black\"} -->\n<ul class=\"wp-block-list has-black-color has-text-color has-link-color\"><!-- wp:list-item -->\n<li>No us\u00e9s velas ni f\u00f3sforos; una fuga de gas podr\u00eda causar un incendio.<\/li>\n<!-- \/wp:list-item --><\/ul>\n<!-- \/wp:list -->\n\n<!-- wp:list {\"style\":{\"elements\":{\"link\":{\"color\":{\"text\":\"var:preset|color|black\"}}}},\"textColor\":\"black\"} -->\n<ul class=\"wp-block-list has-black-color has-text-color has-link-color\"><!-- wp:list-item -->\n<li>Manten\u00e9 la calma y ayud\u00e1 a tranquilizar a los dem\u00e1s.<\/li>\n<!-- \/wp:list-item --><\/ul>\n<!-- \/wp:list -->\n\n<!-- wp:paragraph {\"style\":{\"elements\":{\"link\":{\"color\":{\"text\":\"var:preset|color|black\"}}}},\"textColor\":\"black\"} -->\n<p class=\"has-black-color has-text-color has-link-color\">\ud83c\udfe2 <strong>Si est\u00e1s en un edificio:<\/strong><\/p>\n<!-- \/wp:paragraph -->\n\n<!-- wp:list {\"style\":{\"elements\":{\"link\":{\"color\":{\"text\":\"var:preset|color|black\"}}}},\"textColor\":\"black\"} -->\n<ul class=\"wp-block-list has-black-color has-text-color has-link-color\"><!-- wp:list-item -->\n<li>Alejate de ventanas, balcones y muebles de vidrio.<\/li>\n<!-- \/wp:list-item --><\/ul>\n<!-- \/wp:list -->\n\n<!-- wp:list {\"style\":{\"elements\":{\"link\":{\"color\":{\"text\":\"var:preset|color|black\"}}}},\"textColor\":\"black\"} -->\n<ul class=\"wp-block-list has-black-color has-text-color has-link-color\"><!-- wp:list-item -->\n<li>No us\u00e9s ascensores, ni escaleras.<\/li>\n<!-- \/wp:list-item --><\/ul>\n<!-- \/wp:list -->\n\n<!-- wp:list {\"style\":{\"elements\":{\"link\":{\"color\":{\"text\":\"var:preset|color|black\"}}}},\"textColor\":\"black\"} -->\n<ul class=\"wp-block-list has-black-color has-text-color has-link-color\"><!-- wp:list-item -->\n<li>Busc\u00e1 resguardo en lugares estructuralmente firmes.<\/li>\n<!-- \/wp:list-item --><\/ul>\n<!-- \/wp:list -->\n\n<!-- wp:paragraph {\"style\":{\"elements\":{\"link\":{\"color\":{\"text\":\"var:preset|color|black\"}}}},\"textColor\":\"black\"} -->\n<p class=\"has-black-color has-text-color has-link-color\">\ud83d\ude97 <strong>Si est\u00e1s manejando:<\/strong><\/p>\n<!-- \/wp:paragraph -->\n\n<!-- wp:list {\"style\":{\"elements\":{\"link\":{\"color\":{\"text\":\"var:preset|color|black\"}}}},\"textColor\":\"black\"} -->\n<ul class=\"wp-block-list has-black-color has-text-color has-link-color\"><!-- wp:list-item -->\n<li>Detenete en un lugar seguro, lejos de puentes, postes y edificios.<\/li>\n<!-- \/wp:list-item --><\/ul>\n<!-- \/wp:list -->\n\n<!-- wp:list {\"style\":{\"elements\":{\"link\":{\"color\":{\"text\":\"var:preset|color|black\"}}}},\"textColor\":\"black\"} -->\n<ul class=\"wp-block-list has-black-color has-text-color has-link-color\"><!-- wp:list-item -->\n<li>Permanec\u00e9 dentro del veh\u00edculo hasta que pase el movimiento.<\/li>\n<!-- \/wp:list-item --><\/ul>\n<!-- \/wp:list -->\n\n<!-- wp:paragraph {\"style\":{\"elements\":{\"link\":{\"color\":{\"text\":\"var:preset|color|black\"}}}},\"textColor\":\"black\"} -->\n<p class=\"has-black-color has-text-color has-link-color\">\ud83c\udf33 <strong>Si est\u00e1s al aire libre:<\/strong><\/p>\n<!-- \/wp:paragraph -->\n\n<!-- wp:list {\"style\":{\"elements\":{\"link\":{\"color\":{\"text\":\"var:preset|color|black\"}}}},\"textColor\":\"black\"} -->\n<ul class=\"wp-block-list has-black-color has-text-color has-link-color\"><!-- wp:list-item -->\n<li>Alejate de edificios, postes, carteles y cables el\u00e9ctricos.<\/li>\n<!-- \/wp:list-item --><\/ul>\n<!-- \/wp:list -->\n\n<!-- wp:list {\"style\":{\"elements\":{\"link\":{\"color\":{\"text\":\"var:preset|color|black\"}}}},\"textColor\":\"black\"} -->\n<ul class=\"wp-block-list has-black-color has-text-color has-link-color\"><!-- wp:list-item -->\n<li>Busc\u00e1 un espacio abierto y seguro.<\/li>\n<!-- \/wp:list-item --><\/ul>\n<!-- \/wp:list -->\n\n<!-- wp:paragraph {\"style\":{\"elements\":{\"link\":{\"color\":{\"text\":\"var:preset|color|black\"}}}},\"textColor\":\"black\"} -->\n<p class=\"has-black-color has-text-color has-link-color\">\ud83d\udc65 <strong>Si est\u00e1s en un lugar con muchas personas:<\/strong><\/p>\n<!-- \/wp:paragraph -->\n\n<!-- wp:list {\"style\":{\"elements\":{\"link\":{\"color\":{\"text\":\"var:preset|color|black\"}}}},\"textColor\":\"black\"} -->\n<ul class=\"wp-block-list has-black-color has-text-color has-link-color\"><!-- wp:list-item -->\n<li>No corr\u00e1s ni empujes, manten\u00e9 la calma.<\/li>\n<!-- \/wp:list-item --><\/ul>\n<!-- \/wp:list -->\n\n<!-- wp:list {\"style\":{\"elements\":{\"link\":{\"color\":{\"text\":\"var:preset|color|black\"}}}},\"textColor\":\"black\"} -->\n<ul class=\"wp-block-list has-black-color has-text-color has-link-color\"><!-- wp:list-item -->\n<li>Protegete entre los asientos o con objetos firmes.<\/li>\n<!-- \/wp:list-item --><\/ul>\n<!-- \/wp:list -->\n\n<!-- wp:list {\"style\":{\"elements\":{\"link\":{\"color\":{\"text\":\"var:preset|color|black\"}}}},\"textColor\":\"black\"} -->\n<ul class=\"wp-block-list has-black-color has-text-color has-link-color\"><!-- wp:list-item -->\n<li>Evacu\u00e1 de manera ordenada cuando sea seguro hacerlo.<\/li>\n<!-- \/wp:list-item --><\/ul>\n<!-- \/wp:list -->\n\n<!-- wp:heading {\"level\":4,\"style\":{\"elements\":{\"link\":{\"color\":{\"text\":\"var:preset|color|black\"}}}},\"textColor\":\"black\"} -->\n<h4 class=\"wp-block-heading has-black-color has-text-color has-link-color\"><strong>Despu\u00e9s del sismo<\/strong><\/h4>\n<!-- \/wp:heading -->\n\n<!-- wp:paragraph {\"style\":{\"elements\":{\"link\":{\"color\":{\"text\":\"var:preset|color|black\"}}}},\"textColor\":\"black\"} -->\n<p class=\"has-black-color has-text-color has-link-color\">\u2705 Us\u00e1 calzado cerrado<strong>.<\/strong> Protegete de vidrios rotos y escombros.<\/p>\n<!-- \/wp:paragraph -->\n\n<!-- wp:paragraph {\"style\":{\"elements\":{\"link\":{\"color\":{\"text\":\"var:preset|color|black\"}}}},\"textColor\":\"black\"} -->\n<p class=\"has-black-color has-text-color has-link-color\">\u2705 Dirigite a una zona segura. Evit\u00e1 estructuras da\u00f1adas.<\/p>\n<!-- \/wp:paragraph -->\n\n<!-- wp:paragraph {\"style\":{\"elements\":{\"link\":{\"color\":{\"text\":\"var:preset|color|black\"}}}},\"textColor\":\"black\"} -->\n<p class=\"has-black-color has-text-color has-link-color\">\u2705 Brind\u00e1 ayuda si es necesario. Verific\u00e1 si alguien est\u00e1 herido.<\/p>\n<!-- \/wp:paragraph -->\n\n<!-- wp:paragraph {\"style\":{\"elements\":{\"link\":{\"color\":{\"text\":\"var:preset|color|black\"}}}},\"textColor\":\"black\"} -->\n<p class=\"has-black-color has-text-color has-link-color\">\u2705 Cerr\u00e1 el gas y la electricidad<strong>.<\/strong> Solo reactivalos cuando sea seguro.<\/p>\n<!-- \/wp:paragraph -->\n\n<!-- wp:paragraph {\"style\":{\"elements\":{\"link\":{\"color\":{\"text\":\"var:preset|color|black\"}}}},\"textColor\":\"black\"} -->\n<p class=\"has-black-color has-text-color has-link-color\">\u2705 No toqu\u00e9s cables ca\u00eddos<strong>.<\/strong> Inform\u00e1 a las autoridades sobre peligros.<\/p>\n<!-- \/wp:paragraph -->\n\n<!-- wp:paragraph {\"style\":{\"elements\":{\"link\":{\"color\":{\"text\":\"var:preset|color|black\"}}}},\"textColor\":\"black\"} -->\n<p class=\"has-black-color has-text-color has-link-color\">\u2705 Limit\u00e1 el uso del tel\u00e9fono. Reservalo para emergencias.<\/p>\n<!-- \/wp:paragraph -->\n\n<!-- wp:paragraph {\"style\":{\"elements\":{\"link\":{\"color\":{\"text\":\"var:preset|color|black\"}}}},\"textColor\":\"black\"} -->\n<p class=\"has-black-color has-text-color has-link-color\">\u2705 Informate a trav\u00e9s de Defensa Civil<strong>.<\/strong> Segu\u00ed indicaciones oficiales en medios y redes sociales.<\/p>\n<!-- \/wp:paragraph -->\n\n<!-- wp:paragraph {\"style\":{\"elements\":{\"link\":{\"color\":{\"text\":\"var:preset|color|black\"}}}},\"textColor\":\"black\"} -->\n<p class=\"has-black-color has-text-color has-link-color\">\u2705 Aplic\u00e1 el PAF (Plan de Acci\u00f3n Familiar). Comunic\u00e1 a tus familiares tu estado y ubicaci\u00f3n seg\u00fan lo planificado.<\/p>\n<!-- \/wp:paragraph -->\n\n<!-- wp:paragraph {\"style\":{\"elements\":{\"link\":{\"color\":{\"text\":\"var:preset|color|black\"}}}},\"textColor\":\"black\",\"fontSize\":\"medium\"} -->\n<p class=\"has-black-color has-text-color has-link-color has-medium-font-size\">\ud83d\udce2 <strong>En caso de emergencia:<\/strong><\/p>\n<!-- \/wp:paragraph -->\n\n<!-- wp:paragraph {\"style\":{\"elements\":{\"link\":{\"color\":{\"text\":\"var:preset|color|black\"}}}},\"textColor\":\"black\"} -->\n<p class=\"has-black-color has-text-color has-link-color\">\ud83d\udcde <strong>Llam\u00e1 al 911<\/strong> para recibir asistencia o reportar incendios y fugas de gas.<\/p>\n<!-- \/wp:paragraph -->\n\n<!-- wp:paragraph {\"style\":{\"elements\":{\"link\":{\"color\":{\"text\":\"var:preset|color|black\"}}}},\"textColor\":\"black\"} -->\n<p class=\"has-black-color has-text-color has-link-color\">Con prevenci\u00f3n y preparaci\u00f3n, podemos reducir los riesgos y protegernos mejor ante un sismo.                                                                                                                                <strong>\u00a1La seguridad es responsabilidad de todos!<\/strong> \ud83d\udea8<\/p>\n<!-- \/wp:paragraph -->","_et_gb_content_width":"1080","footnotes":""},"class_list":["post-1057","page","type-page","status-publish","hentry"],"_links":{"self":[{"href":"https:\/\/sitios-nonprod.mendoza.gob.ar\/seguridadyjusticia\/wp-json\/wp\/v2\/pages\/1057","targetHints":{"allow":["GET"]}}],"collection":[{"href":"https:\/\/sitios-nonprod.mendoza.gob.ar\/seguridadyjusticia\/wp-json\/wp\/v2\/pages"}],"about":[{"href":"https:\/\/sitios-nonprod.mendoza.gob.ar\/seguridadyjusticia\/wp-json\/wp\/v2\/types\/page"}],"author":[{"embeddable":true,"href":"https:\/\/sitios-nonprod.mendoza.gob.ar\/seguridadyjusticia\/wp-json\/wp\/v2\/users\/26"}],"replies":[{"embeddable":true,"href":"https:\/\/sitios-nonprod.mendoza.gob.ar\/seguridadyjusticia\/wp-json\/wp\/v2\/comments?post=1057"}],"version-history":[{"count":5,"href":"https:\/\/sitios-nonprod.mendoza.gob.ar\/seguridadyjusticia\/wp-json\/wp\/v2\/pages\/1057\/revisions"}],"predecessor-version":[{"id":1843,"href":"https:\/\/sitios-nonprod.mendoza.gob.ar\/seguridadyjusticia\/wp-json\/wp\/v2\/pages\/1057\/revisions\/1843"}],"wp:attachment":[{"href":"https:\/\/sitios-nonprod.mendoza.gob.ar\/seguridadyjusticia\/wp-json\/wp\/v2\/media?parent=1057"}],"curies":[{"name":"wp","href":"https:\/\/api.w.org\/{rel}","templated":true}]}}