{"id":1059,"date":"2025-07-23T21:19:46","date_gmt":"2025-07-23T19:19:46","guid":{"rendered":"https:\/\/sitios-nonprod.mendoza.gob.ar\/seguridadyjusticia\/?page_id=1059"},"modified":"2025-08-13T19:23:42","modified_gmt":"2025-08-13T17:23:42","slug":"viento-zonda","status":"publish","type":"page","link":"https:\/\/sitios-nonprod.mendoza.gob.ar\/seguridadyjusticia\/viento-zonda\/","title":{"rendered":"Viento Zonda"},"content":{"rendered":"[et_pb_section fb_built=\u00bb1&#8243; admin_label=\u00bbsection\u00bb _builder_version=\u00bb4.16&#8243; global_colors_info=\u00bb{}\u00bb][et_pb_row admin_label=\u00bbrow\u00bb _builder_version=\u00bb4.16&#8243; background_size=\u00bbinitial\u00bb background_position=\u00bbtop_left\u00bb background_repeat=\u00bbrepeat\u00bb global_colors_info=\u00bb{}\u00bb][et_pb_column type=\u00bb4_4&#8243; _builder_version=\u00bb4.16&#8243; custom_padding=\u00bb|||\u00bb global_colors_info=\u00bb{}\u00bb custom_padding__hover=\u00bb|||\u00bb][et_pb_post_title _builder_version=\u00bb4.27.4&#8243; _module_preset=\u00bbdefault\u00bb meta=\u00bboff\u00bb featured_image=\u00bboff\u00bb hover_enabled=\u00bb0&#8243; sticky_enabled=\u00bb0&#8243; locked=\u00bboff\u00bb][\/et_pb_post_title][et_pb_text admin_label=\u00bbText\u00bb _builder_version=\u00bb4.16&#8243; background_size=\u00bbinitial\u00bb background_position=\u00bbtop_left\u00bb background_repeat=\u00bbrepeat\u00bb global_colors_info=\u00bb{}\u00bb]\n<p class=\"has-black-color has-text-color has-link-color has-medium-font-size wp-elements-f8978ad024b99fb0820a2fbe13a7cee1\"><strong>C\u00f3mo actuar <\/strong><\/p>\n\n\n\n<p class=\"has-black-color has-text-color has-link-color wp-elements-6652098043558ba3aa09e8939d6c2234\">El viento Zonda es un fen\u00f3meno meteorol\u00f3gico com\u00fan en Mendoza, especialmente en oto\u00f1o y primavera, que trae consigo condiciones extremas. Segu\u00ed estas recomendaciones para protegerte y reducir los riesgos durante este fen\u00f3meno.<\/p>\n\n\n\n<h4 class=\"wp-block-heading has-black-color has-text-color has-link-color has-medium-font-size wp-elements-5ca1af2b7c77e110b4a93d37bb6fb8f5\"><strong>Antes del viento Zonda<\/strong><\/h4>\n\n\n\n<p class=\"has-black-color has-text-color has-link-color wp-elements-5dd8fdffac21333285c8bad6882ad074\">\u2705 Elabor\u00e1 un Plan de Acci\u00f3n Familiar (PAF). Defin\u00ed roles y puntos de encuentro con tu familia para saber c\u00f3mo actuar antes, durante y despu\u00e9s de un viento Zonda.<\/p>\n\n\n\n<p class=\"has-black-color has-text-color has-link-color wp-elements-62abd30aaaaa6871e2c28db39856bce2\">\u2705 Prepar\u00e1 tu hogar. Cerr\u00e1 herm\u00e9ticamente puertas y ventanas para evitar la entrada de aire seco y caliente con polvo en suspensi\u00f3n. Us\u00e1 trapos h\u00famedos para tapar las aberturas.<\/p>\n\n\n\n<p class=\"has-black-color has-text-color has-link-color wp-elements-04df39253de7063a1812770cc18667c5\">\u2705 Aument\u00e1 la humedad en tu casa<strong>. <\/strong>En casos extremos, roci\u00e1 agua en los pisos y paredes.<\/p>\n\n\n\n<p class=\"has-black-color has-text-color has-link-color wp-elements-dc05143f745eb89d8e9220e09b4b5e16\">\u2705 Evit\u00e1 esfuerzos f\u00edsicos.<strong> <\/strong>Mantenete en lugares frescos, en caso de presentar alg\u00fan s\u00edntoma consult\u00e1 a tu m\u00e9dico.<\/p>\n\n\n\n<p class=\"has-black-color has-text-color has-link-color wp-elements-5674ef2e3886c976317c2ddffce3b74c\">\u2705 Tom\u00e1 medidas preventivas para evitar incendios. La sequedad del ambiente aumenta el riesgo de incendio, no hag\u00e1s fuego bajo ning\u00fan concepto, en estas condiciones.<\/p>\n\n\n\n<p class=\"has-black-color has-text-color has-link-color wp-elements-a0e9a096610aa000ff3e25fb99434558\">\u2705 Planific\u00e1 la forestaci\u00f3n y las construcciones. Adapt\u00e1 tu entorno para reducir los efectos del viento Zonda, evaluando si hay alguna debilidad en el arbolado.<\/p>\n\n\n\n<h4 class=\"wp-block-heading has-black-color has-text-color has-link-color has-medium-font-size wp-elements-14165b1fd3caec6a37daf0a61502c2f0\"><strong>Durante el viento Zonda<\/strong><\/h4>\n\n\n\n<p class=\"has-black-color has-text-color has-link-color wp-elements-a0c59a1a1d0f97909e630264049e22c9\"><strong>\ud83c\udfe0 Si est\u00e1s en casa:<\/strong><\/p>\n\n\n\n<ul class=\"wp-block-list has-black-color has-text-color has-link-color wp-elements-b5774311258959cbc8aee144f47ce832\">\n<li>Ejecut\u00e1 el Plan de Acci\u00f3n Familiar (PAF). Contact\u00e1 a tus familiares para asegurarte de que todos est\u00e9n a salvo en sus puntos de encuentro definidos.<\/li>\n<\/ul>\n\n\n\n<ul class=\"wp-block-list has-black-color has-text-color has-link-color wp-elements-b66fb627e621fa4595418c123f9266ea\">\n<li>Comprob\u00e1 que las ventanas est\u00e9n cerradas y us\u00e1 trapos h\u00famedos para minimizar la entrada de aire caliente.<\/li>\n<\/ul>\n\n\n\n<ul class=\"wp-block-list has-black-color has-text-color has-link-color wp-elements-81d85f70213ce690da286659c91af0d3\">\n<li>Evit\u00e1 exponerte al calor excesivo y procur\u00e1 estar en ambientes frescos.<\/li>\n<\/ul>\n\n\n\n<p class=\"has-black-color has-text-color has-link-color wp-elements-2e5f81c70b3f8186933229cd891e8485\">\ud83c\udf33 <strong>Si est\u00e1s al aire libre<\/strong>:<\/p>\n\n\n\n<ul class=\"wp-block-list\">\n<li class=\"has-black-color has-text-color has-link-color wp-elements-bd9d7a8b64cfe28ad2a9510abbcb3376\">Evit\u00e1 exponerte a los lugares de peligro<strong> <\/strong>en una situaci\u00f3n de viento Zonda, por la ca\u00edda de ramas, \u00e1rboles, chapas, carteler\u00eda, tendido el\u00e9ctrico.<\/li>\n<\/ul>\n\n\n\n<ul class=\"wp-block-list has-black-color has-text-color has-link-color wp-elements-4ac97dad56bc44d2c58802408b5ef7ba\">\n<li>Proteg\u00e9 tus ojos. Us\u00e1 gafas de sol o lentes protectores y evit\u00e1 inhalar polvo.<\/li>\n<\/ul>\n\n\n\n<ul class=\"wp-block-list has-black-color has-text-color has-link-color wp-elements-0256891effc035e9a68acb2a5e1e2146\">\n<li>No estacion\u00e9s bajo \u00e1rboles. Las ramas o \u00e1rboles pueden caer sobre tu veh\u00edculo.<\/li>\n<\/ul>\n\n\n\n<ul class=\"wp-block-list has-black-color has-text-color has-link-color wp-elements-6f2ba91288574b6a3ccbd73f0d06945f\">\n<li>Evit\u00e1 esfuerzos f\u00edsicos y manten\u00e9 la calma.<\/li>\n<\/ul>\n\n\n\n<ul class=\"wp-block-list has-black-color has-text-color has-link-color wp-elements-9f01ba2911a944e52d2c62133fe41215\">\n<li>Ten\u00e9 precauci\u00f3n al conducir. Las r\u00e1fagas repentinas y la baja visibilidad, pueden dificultar la conducci\u00f3n.<\/li>\n<\/ul>\n\n\n\n<p class=\"has-black-color has-text-color has-link-color wp-elements-0c4e5868a3ccd1d5d7594c4a0803344a\"><strong>\ud83d\ude97 Si est\u00e1s manejando:<\/strong><\/p>\n\n\n\n<ul class=\"wp-block-list has-black-color has-text-color has-link-color wp-elements-8bb80e5c35468fac48e519a3dc0c3ba2\">\n<li>Detenete en un lugar seguro, si las condiciones empeoran.<\/li>\n<\/ul>\n\n\n\n<ul class=\"wp-block-list has-black-color has-text-color has-link-color wp-elements-49e78cf4b3dfe38b7740365b025df1a8\">\n<li>Manej\u00e1 con cuidado y manten\u00e9 la distancia de otros veh\u00edculos. Las r\u00e1fagas pueden afectar la estabilidad de tu coche.<\/li>\n<\/ul>\n\n\n\n<ul class=\"wp-block-list has-black-color has-text-color has-link-color wp-elements-60f29651520ccf370e043b0a467756ba\">\n<li>Asegurate de apagar completamente las colillas de cigarrillos, no las arroj\u00e9s fuera del auto.<\/li>\n<\/ul>\n\n\n\n<h4 class=\"wp-block-heading has-black-color has-text-color has-link-color wp-elements-86fc86351305373aec4a3772e3fb145d\"><strong>Despu\u00e9s del viento Zonda<\/strong><\/h4>\n\n\n\n<p class=\"has-black-color has-text-color has-link-color wp-elements-e094402b7758395c77b773188da6e141\">\u2705 Ventil\u00e1 tu hogar. Abr\u00ed las ventanas y permit\u00ed que el aire fresco entre, pero de manera controlada para evitar la entrada de m\u00e1s polvo o calor.<\/p>\n\n\n\n<p class=\"has-black-color has-text-color has-link-color wp-elements-755a24d9fd69ef2f74f28768b2642dc9\">\u2705 Revis\u00e1 tu entorno. Verific\u00e1 si hay da\u00f1os en las estructuras, \u00e1rboles ca\u00eddos o ramas que puedan presentar un peligro.<\/p>\n\n\n\n<p class=\"has-black-color has-text-color has-link-color wp-elements-4a561771aca5f5aefa0b379489a9fd9f\">\u2705 Ayud\u00e1 a los dem\u00e1s. Si alguien necesita asistencia, ofrecele ayuda, especialmente si est\u00e1 afectado por los efectos del Zonda.<\/p>\n\n\n\n<p class=\"has-black-color has-text-color has-link-color wp-elements-30f9ba87eed8fbae5e1ce24789abcfda\">\u2705 Mantenete informado. Escuch\u00e1 las recomendaciones de Defensa Civil y segu\u00ed las indicaciones oficiales en medios y redes sociales.<\/p>\n\n\n\n<p class=\"has-black-color has-text-color has-link-color wp-elements-a3a3767c7791859e3ea6bf25da3c3e18\">\u2705 El riesgo de incendios puede persistir, as\u00ed que revis\u00e1 tu entorno para asegurar que no haya principios de incendios.<\/p>\n\n\n\n<p class=\"has-black-color has-text-color has-link-color has-medium-font-size wp-elements-fb090890566106ecd5fae7890d35f28a\"><strong>\ud83d\udce2 En caso de emergencia:<\/strong><\/p>\n\n\n\n<p class=\"has-black-color has-text-color has-link-color wp-elements-3eea6fcd56eebc876684c34566632617\"><strong>\ud83d\udcde Llam\u00e1 al 911 para recibir asistencia.<\/strong><\/p>\n\n\n\n<p class=\"has-black-color has-text-color has-link-color has-medium-font-size wp-elements-db74537438827e7cf0493ded9fe2fd35\"><strong>El viento Zonda es un fen\u00f3meno que puede tener un gran impacto en la salud y la seguridad. Tomar las precauciones adecuadas puede marcar la diferencia para reducir sus efectos. \u00a1La prevenci\u00f3n es clave para protegerte!<\/strong><\/p>\n[\/et_pb_text][\/et_pb_column][\/et_pb_row][\/et_pb_section]","protected":false},"excerpt":{"rendered":"<p>C\u00f3mo actuar El viento Zonda es un fen\u00f3meno meteorol\u00f3gico com\u00fan en Mendoza, especialmente en oto\u00f1o y primavera, que trae consigo condiciones extremas. Segu\u00ed estas recomendaciones para protegerte y reducir los riesgos durante este fen\u00f3meno. Antes del viento Zonda \u2705 Elabor\u00e1 un Plan de Acci\u00f3n Familiar (PAF). Defin\u00ed roles y puntos de encuentro con tu familia [&hellip;]<\/p>\n","protected":false},"author":26,"featured_media":0,"parent":0,"menu_order":0,"comment_status":"closed","ping_status":"closed","template":"","meta":{"_et_pb_use_builder":"on","_et_pb_old_content":"<!-- wp:paragraph {\"style\":{\"elements\":{\"link\":{\"color\":{\"text\":\"var:preset|color|black\"}}}},\"textColor\":\"black\",\"fontSize\":\"medium\"} -->\n<p class=\"has-black-color has-text-color has-link-color has-medium-font-size\"><strong>C\u00f3mo actuar <\/strong><\/p>\n<!-- \/wp:paragraph -->\n\n<!-- wp:paragraph {\"style\":{\"elements\":{\"link\":{\"color\":{\"text\":\"var:preset|color|black\"}}}},\"textColor\":\"black\"} -->\n<p class=\"has-black-color has-text-color has-link-color\">El viento Zonda es un fen\u00f3meno meteorol\u00f3gico com\u00fan en Mendoza, especialmente en oto\u00f1o y primavera, que trae consigo condiciones extremas. Segu\u00ed estas recomendaciones para protegerte y reducir los riesgos durante este fen\u00f3meno.<\/p>\n<!-- \/wp:paragraph -->\n\n<!-- wp:heading {\"level\":4,\"style\":{\"elements\":{\"link\":{\"color\":{\"text\":\"var:preset|color|black\"}}}},\"textColor\":\"black\",\"fontSize\":\"medium\"} -->\n<h4 class=\"wp-block-heading has-black-color has-text-color has-link-color has-medium-font-size\"><strong>Antes del viento Zonda<\/strong><\/h4>\n<!-- \/wp:heading -->\n\n<!-- wp:paragraph {\"style\":{\"elements\":{\"link\":{\"color\":{\"text\":\"var:preset|color|black\"}}}},\"textColor\":\"black\"} -->\n<p class=\"has-black-color has-text-color has-link-color\">\u2705 Elabor\u00e1 un Plan de Acci\u00f3n Familiar (PAF). Defin\u00ed roles y puntos de encuentro con tu familia para saber c\u00f3mo actuar antes, durante y despu\u00e9s de un viento Zonda.<\/p>\n<!-- \/wp:paragraph -->\n\n<!-- wp:paragraph {\"style\":{\"elements\":{\"link\":{\"color\":{\"text\":\"var:preset|color|black\"}}}},\"textColor\":\"black\"} -->\n<p class=\"has-black-color has-text-color has-link-color\">\u2705 Prepar\u00e1 tu hogar. Cerr\u00e1 herm\u00e9ticamente puertas y ventanas para evitar la entrada de aire seco y caliente con polvo en suspensi\u00f3n. Us\u00e1 trapos h\u00famedos para tapar las aberturas.<\/p>\n<!-- \/wp:paragraph -->\n\n<!-- wp:paragraph {\"style\":{\"elements\":{\"link\":{\"color\":{\"text\":\"var:preset|color|black\"}}}},\"textColor\":\"black\"} -->\n<p class=\"has-black-color has-text-color has-link-color\">\u2705 Aument\u00e1 la humedad en tu casa<strong>. <\/strong>En casos extremos, roci\u00e1 agua en los pisos y paredes.<\/p>\n<!-- \/wp:paragraph -->\n\n<!-- wp:paragraph {\"style\":{\"elements\":{\"link\":{\"color\":{\"text\":\"var:preset|color|black\"}}}},\"textColor\":\"black\"} -->\n<p class=\"has-black-color has-text-color has-link-color\">\u2705 Evit\u00e1 esfuerzos f\u00edsicos.<strong> <\/strong>Mantenete en lugares frescos, en caso de presentar alg\u00fan s\u00edntoma consult\u00e1 a tu m\u00e9dico.<\/p>\n<!-- \/wp:paragraph -->\n\n<!-- wp:paragraph {\"style\":{\"elements\":{\"link\":{\"color\":{\"text\":\"var:preset|color|black\"}}}},\"textColor\":\"black\"} -->\n<p class=\"has-black-color has-text-color has-link-color\">\u2705 Tom\u00e1 medidas preventivas para evitar incendios. La sequedad del ambiente aumenta el riesgo de incendio, no hag\u00e1s fuego bajo ning\u00fan concepto, en estas condiciones.<\/p>\n<!-- \/wp:paragraph -->\n\n<!-- wp:paragraph {\"style\":{\"elements\":{\"link\":{\"color\":{\"text\":\"var:preset|color|black\"}}}},\"textColor\":\"black\"} -->\n<p class=\"has-black-color has-text-color has-link-color\">\u2705 Planific\u00e1 la forestaci\u00f3n y las construcciones. Adapt\u00e1 tu entorno para reducir los efectos del viento Zonda, evaluando si hay alguna debilidad en el arbolado.<\/p>\n<!-- \/wp:paragraph -->\n\n<!-- wp:heading {\"level\":4,\"style\":{\"elements\":{\"link\":{\"color\":{\"text\":\"var:preset|color|black\"}}}},\"textColor\":\"black\",\"fontSize\":\"medium\"} -->\n<h4 class=\"wp-block-heading has-black-color has-text-color has-link-color has-medium-font-size\"><strong>Durante el viento Zonda<\/strong><\/h4>\n<!-- \/wp:heading -->\n\n<!-- wp:paragraph {\"style\":{\"elements\":{\"link\":{\"color\":{\"text\":\"var:preset|color|black\"}}}},\"textColor\":\"black\"} -->\n<p class=\"has-black-color has-text-color has-link-color\"><strong>\ud83c\udfe0 Si est\u00e1s en casa:<\/strong><\/p>\n<!-- \/wp:paragraph -->\n\n<!-- wp:list {\"style\":{\"elements\":{\"link\":{\"color\":{\"text\":\"var:preset|color|black\"}}}},\"textColor\":\"black\"} -->\n<ul class=\"wp-block-list has-black-color has-text-color has-link-color\"><!-- wp:list-item -->\n<li>Ejecut\u00e1 el Plan de Acci\u00f3n Familiar (PAF). Contact\u00e1 a tus familiares para asegurarte de que todos est\u00e9n a salvo en sus puntos de encuentro definidos.<\/li>\n<!-- \/wp:list-item --><\/ul>\n<!-- \/wp:list -->\n\n<!-- wp:list {\"style\":{\"elements\":{\"link\":{\"color\":{\"text\":\"var:preset|color|black\"}}}},\"textColor\":\"black\"} -->\n<ul class=\"wp-block-list has-black-color has-text-color has-link-color\"><!-- wp:list-item -->\n<li>Comprob\u00e1 que las ventanas est\u00e9n cerradas y us\u00e1 trapos h\u00famedos para minimizar la entrada de aire caliente.<\/li>\n<!-- \/wp:list-item --><\/ul>\n<!-- \/wp:list -->\n\n<!-- wp:list {\"style\":{\"elements\":{\"link\":{\"color\":{\"text\":\"var:preset|color|black\"}}}},\"textColor\":\"black\"} -->\n<ul class=\"wp-block-list has-black-color has-text-color has-link-color\"><!-- wp:list-item -->\n<li>Evit\u00e1 exponerte al calor excesivo y procur\u00e1 estar en ambientes frescos.<\/li>\n<!-- \/wp:list-item --><\/ul>\n<!-- \/wp:list -->\n\n<!-- wp:paragraph {\"style\":{\"elements\":{\"link\":{\"color\":{\"text\":\"var:preset|color|black\"}}}},\"textColor\":\"black\"} -->\n<p class=\"has-black-color has-text-color has-link-color\">\ud83c\udf33 <strong>Si est\u00e1s al aire libre<\/strong>:<\/p>\n<!-- \/wp:paragraph -->\n\n<!-- wp:list -->\n<ul class=\"wp-block-list\"><!-- wp:list-item {\"style\":{\"elements\":{\"link\":{\"color\":{\"text\":\"var:preset|color|black\"}}}},\"textColor\":\"black\"} -->\n<li class=\"has-black-color has-text-color has-link-color\">Evit\u00e1 exponerte a los lugares de peligro<strong> <\/strong>en una situaci\u00f3n de viento Zonda, por la ca\u00edda de ramas, \u00e1rboles, chapas, carteler\u00eda, tendido el\u00e9ctrico.<\/li>\n<!-- \/wp:list-item --><\/ul>\n<!-- \/wp:list -->\n\n<!-- wp:list {\"style\":{\"elements\":{\"link\":{\"color\":{\"text\":\"var:preset|color|black\"}}}},\"textColor\":\"black\"} -->\n<ul class=\"wp-block-list has-black-color has-text-color has-link-color\"><!-- wp:list-item -->\n<li>Proteg\u00e9 tus ojos. Us\u00e1 gafas de sol o lentes protectores y evit\u00e1 inhalar polvo.<\/li>\n<!-- \/wp:list-item --><\/ul>\n<!-- \/wp:list -->\n\n<!-- wp:list {\"style\":{\"elements\":{\"link\":{\"color\":{\"text\":\"var:preset|color|black\"}}}},\"textColor\":\"black\"} -->\n<ul class=\"wp-block-list has-black-color has-text-color has-link-color\"><!-- wp:list-item -->\n<li>No estacion\u00e9s bajo \u00e1rboles. Las ramas o \u00e1rboles pueden caer sobre tu veh\u00edculo.<\/li>\n<!-- \/wp:list-item --><\/ul>\n<!-- \/wp:list -->\n\n<!-- wp:list {\"style\":{\"elements\":{\"link\":{\"color\":{\"text\":\"var:preset|color|black\"}}}},\"textColor\":\"black\"} -->\n<ul class=\"wp-block-list has-black-color has-text-color has-link-color\"><!-- wp:list-item -->\n<li>Evit\u00e1 esfuerzos f\u00edsicos y manten\u00e9 la calma.<\/li>\n<!-- \/wp:list-item --><\/ul>\n<!-- \/wp:list -->\n\n<!-- wp:list {\"style\":{\"elements\":{\"link\":{\"color\":{\"text\":\"var:preset|color|black\"}}}},\"textColor\":\"black\"} -->\n<ul class=\"wp-block-list has-black-color has-text-color has-link-color\"><!-- wp:list-item -->\n<li>Ten\u00e9 precauci\u00f3n al conducir. Las r\u00e1fagas repentinas y la baja visibilidad, pueden dificultar la conducci\u00f3n.<\/li>\n<!-- \/wp:list-item --><\/ul>\n<!-- \/wp:list -->\n\n<!-- wp:paragraph {\"style\":{\"elements\":{\"link\":{\"color\":{\"text\":\"var:preset|color|black\"}}}},\"textColor\":\"black\"} -->\n<p class=\"has-black-color has-text-color has-link-color\"><strong>\ud83d\ude97 Si est\u00e1s manejando:<\/strong><\/p>\n<!-- \/wp:paragraph -->\n\n<!-- wp:list {\"style\":{\"elements\":{\"link\":{\"color\":{\"text\":\"var:preset|color|black\"}}}},\"textColor\":\"black\"} -->\n<ul class=\"wp-block-list has-black-color has-text-color has-link-color\"><!-- wp:list-item -->\n<li>Detenete en un lugar seguro, si las condiciones empeoran.<\/li>\n<!-- \/wp:list-item --><\/ul>\n<!-- \/wp:list -->\n\n<!-- wp:list {\"style\":{\"elements\":{\"link\":{\"color\":{\"text\":\"var:preset|color|black\"}}}},\"textColor\":\"black\"} -->\n<ul class=\"wp-block-list has-black-color has-text-color has-link-color\"><!-- wp:list-item -->\n<li>Manej\u00e1 con cuidado y manten\u00e9 la distancia de otros veh\u00edculos. Las r\u00e1fagas pueden afectar la estabilidad de tu coche.<\/li>\n<!-- \/wp:list-item --><\/ul>\n<!-- \/wp:list -->\n\n<!-- wp:list {\"style\":{\"elements\":{\"link\":{\"color\":{\"text\":\"var:preset|color|black\"}}}},\"textColor\":\"black\"} -->\n<ul class=\"wp-block-list has-black-color has-text-color has-link-color\"><!-- wp:list-item -->\n<li>Asegurate de apagar completamente las colillas de cigarrillos, no las arroj\u00e9s fuera del auto.<\/li>\n<!-- \/wp:list-item --><\/ul>\n<!-- \/wp:list -->\n\n<!-- wp:heading {\"level\":4,\"style\":{\"elements\":{\"link\":{\"color\":{\"text\":\"var:preset|color|black\"}}}},\"textColor\":\"black\"} -->\n<h4 class=\"wp-block-heading has-black-color has-text-color has-link-color\"><strong>Despu\u00e9s del viento Zonda<\/strong><\/h4>\n<!-- \/wp:heading -->\n\n<!-- wp:paragraph {\"style\":{\"elements\":{\"link\":{\"color\":{\"text\":\"var:preset|color|black\"}}}},\"textColor\":\"black\"} -->\n<p class=\"has-black-color has-text-color has-link-color\">\u2705 Ventil\u00e1 tu hogar. Abr\u00ed las ventanas y permit\u00ed que el aire fresco entre, pero de manera controlada para evitar la entrada de m\u00e1s polvo o calor.<\/p>\n<!-- \/wp:paragraph -->\n\n<!-- wp:paragraph {\"style\":{\"elements\":{\"link\":{\"color\":{\"text\":\"var:preset|color|black\"}}}},\"textColor\":\"black\"} -->\n<p class=\"has-black-color has-text-color has-link-color\">\u2705 Revis\u00e1 tu entorno. Verific\u00e1 si hay da\u00f1os en las estructuras, \u00e1rboles ca\u00eddos o ramas que puedan presentar un peligro.<\/p>\n<!-- \/wp:paragraph -->\n\n<!-- wp:paragraph {\"style\":{\"elements\":{\"link\":{\"color\":{\"text\":\"var:preset|color|black\"}}}},\"textColor\":\"black\"} -->\n<p class=\"has-black-color has-text-color has-link-color\">\u2705 Ayud\u00e1 a los dem\u00e1s. Si alguien necesita asistencia, ofrecele ayuda, especialmente si est\u00e1 afectado por los efectos del Zonda.<\/p>\n<!-- \/wp:paragraph -->\n\n<!-- wp:paragraph {\"style\":{\"elements\":{\"link\":{\"color\":{\"text\":\"var:preset|color|black\"}}}},\"textColor\":\"black\"} -->\n<p class=\"has-black-color has-text-color has-link-color\">\u2705 Mantenete informado. Escuch\u00e1 las recomendaciones de Defensa Civil y segu\u00ed las indicaciones oficiales en medios y redes sociales.<\/p>\n<!-- \/wp:paragraph -->\n\n<!-- wp:paragraph {\"style\":{\"elements\":{\"link\":{\"color\":{\"text\":\"var:preset|color|black\"}}}},\"textColor\":\"black\"} -->\n<p class=\"has-black-color has-text-color has-link-color\">\u2705 El riesgo de incendios puede persistir, as\u00ed que revis\u00e1 tu entorno para asegurar que no haya principios de incendios.<\/p>\n<!-- \/wp:paragraph -->\n\n<!-- wp:paragraph {\"style\":{\"elements\":{\"link\":{\"color\":{\"text\":\"var:preset|color|black\"}}}},\"textColor\":\"black\",\"fontSize\":\"medium\"} -->\n<p class=\"has-black-color has-text-color has-link-color has-medium-font-size\"><strong>\ud83d\udce2 En caso de emergencia:<\/strong><\/p>\n<!-- \/wp:paragraph -->\n\n<!-- wp:paragraph {\"style\":{\"elements\":{\"link\":{\"color\":{\"text\":\"var:preset|color|black\"}}}},\"textColor\":\"black\"} -->\n<p class=\"has-black-color has-text-color has-link-color\"><strong>\ud83d\udcde Llam\u00e1 al 911 para recibir asistencia.<\/strong><\/p>\n<!-- \/wp:paragraph -->\n\n<!-- wp:paragraph {\"style\":{\"elements\":{\"link\":{\"color\":{\"text\":\"var:preset|color|black\"}}}},\"textColor\":\"black\",\"fontSize\":\"medium\"} -->\n<p class=\"has-black-color has-text-color has-link-color has-medium-font-size\"><strong>El viento Zonda es un fen\u00f3meno que puede tener un gran impacto en la salud y la seguridad. Tomar las precauciones adecuadas puede marcar la diferencia para reducir sus efectos. \u00a1La prevenci\u00f3n es clave para protegerte!<\/strong><\/p>\n<!-- \/wp:paragraph -->","_et_gb_content_width":"1080","footnotes":""},"class_list":["post-1059","page","type-page","status-publish","hentry"],"_links":{"self":[{"href":"https:\/\/sitios-nonprod.mendoza.gob.ar\/seguridadyjusticia\/wp-json\/wp\/v2\/pages\/1059","targetHints":{"allow":["GET"]}}],"collection":[{"href":"https:\/\/sitios-nonprod.mendoza.gob.ar\/seguridadyjusticia\/wp-json\/wp\/v2\/pages"}],"about":[{"href":"https:\/\/sitios-nonprod.mendoza.gob.ar\/seguridadyjusticia\/wp-json\/wp\/v2\/types\/page"}],"author":[{"embeddable":true,"href":"https:\/\/sitios-nonprod.mendoza.gob.ar\/seguridadyjusticia\/wp-json\/wp\/v2\/users\/26"}],"replies":[{"embeddable":true,"href":"https:\/\/sitios-nonprod.mendoza.gob.ar\/seguridadyjusticia\/wp-json\/wp\/v2\/comments?post=1059"}],"version-history":[{"count":5,"href":"https:\/\/sitios-nonprod.mendoza.gob.ar\/seguridadyjusticia\/wp-json\/wp\/v2\/pages\/1059\/revisions"}],"predecessor-version":[{"id":1845,"href":"https:\/\/sitios-nonprod.mendoza.gob.ar\/seguridadyjusticia\/wp-json\/wp\/v2\/pages\/1059\/revisions\/1845"}],"wp:attachment":[{"href":"https:\/\/sitios-nonprod.mendoza.gob.ar\/seguridadyjusticia\/wp-json\/wp\/v2\/media?parent=1059"}],"curies":[{"name":"wp","href":"https:\/\/api.w.org\/{rel}","templated":true}]}}