{"id":1080,"date":"2025-07-23T22:07:21","date_gmt":"2025-07-23T20:07:21","guid":{"rendered":"https:\/\/sitios-nonprod.mendoza.gob.ar\/seguridadyjusticia\/?page_id=1080"},"modified":"2025-07-29T14:30:14","modified_gmt":"2025-07-29T12:30:14","slug":"preventivos-y-directivas","status":"publish","type":"page","link":"https:\/\/sitios-nonprod.mendoza.gob.ar\/seguridadyjusticia\/preventivos-y-directivas\/","title":{"rendered":"Preventivos y directivas"},"content":{"rendered":"\n<h3 class=\"wp-block-heading has-black-color has-text-color has-link-color wp-elements-f40b57e0e24daaf1a36777a2431d1007\" style=\"font-size:18px\"><strong>Directivas sobre la elaboraci\u00f3n y remisi\u00f3n de informes preventivos<\/strong><\/h3>\n\n\n\n<h4 class=\"wp-block-heading has-black-color has-text-color has-link-color wp-elements-dbc4661180fd8331628854f414e51b53\" style=\"font-size:14px\">1. Finalidad del Informe Preventivo<\/h4>\n\n\n\n<p class=\"has-black-color has-text-color has-link-color wp-elements-af7c005f85453b239c9f5a8068f583d1\" style=\"font-size:14px\">Para la IGS, el informe preventivo tiene como objetivo comunicar de manera inmediata un hecho incipiente que involucre a personal policial o penitenciario y que pueda constituir una posible falta administrativa grave que requiera una investigaci\u00f3n bajo la modalidad de informaci\u00f3n sumaria administrativa o sumario administrativo.<\/p>\n\n\n\n<h4 class=\"wp-block-heading has-black-color has-text-color has-link-color wp-elements-3f1b32af4984bb50859662c581872d7f\" style=\"font-size:14px\">2. Informaci\u00f3n Obligatoria<\/h4>\n\n\n\n<p class=\"has-black-color has-text-color has-link-color wp-elements-d4006a916333ded83aaaa3c9ac61f112\">Todo informe preventivo debe contener los siguientes datos m\u00ednimos:<\/p>\n\n\n\n<ul style=\"font-size:14px\" class=\"wp-block-list has-black-color has-text-color has-link-color wp-elements-818805ebf76ce332bb85e0ac7899c0a6\">\n<li>Fecha y hora del hecho.<\/li>\n<\/ul>\n\n\n\n<ul style=\"font-size:14px\" class=\"wp-block-list has-black-color has-text-color has-link-color wp-elements-79aafd82569504697ef7beb10db1df46\">\n<li>Lugar donde ocurri\u00f3, ya sea un espacio f\u00edsico (calle, domicilio, dependencia policial o penitenciaria, etc.) o un entorno digital (redes sociales, plataformas de mensajer\u00eda, correos electr\u00f3nicos, entre otros).<\/li>\n<\/ul>\n\n\n\n<ul style=\"font-size:14px\" class=\"wp-block-list has-black-color has-text-color has-link-color wp-elements-c25fa962f6a631f1b364fbfa9a66a0c0\">\n<li>Circunstancias<strong> <\/strong>del hecho, describiendo de manera clara y objetiva lo sucedido, con el prop\u00f3sito de que quede claro por qu\u00e9 la IGS debe intervenir.<\/li>\n<\/ul>\n\n\n\n<ul style=\"font-size:14px\" class=\"wp-block-list has-black-color has-text-color has-link-color wp-elements-eca793ba5583de7ddbc87b4972d4986c\">\n<li>Individualizaci\u00f3n del personal involucrado, en caso de contar con dichos datos (nombre, apellido, jerarqu\u00eda, dependencia de revista o cualquier otro dato identificatorio relevante).<\/li>\n<\/ul>\n\n\n\n<ul style=\"font-size:14px\" class=\"wp-block-list has-black-color has-text-color has-link-color wp-elements-e311c7d5440e31e193d1c26d8b3ac0d2\">\n<li>Menci\u00f3n de pruebas que existan o puedan incorporarse a petici\u00f3n de IGS &#8211;<em>ver el apartado m\u00e1s abajo para mayor informaci\u00f3n<\/em>-.<\/li>\n<\/ul>\n\n\n\n<h4 class=\"wp-block-heading has-black-color has-text-color has-link-color wp-elements-a2089c9ab7cc8dfc6bd1be77a73e954e\" style=\"font-size:14px\">3. Formalidades y Canal de Remisi\u00f3n<\/h4>\n\n\n\n<p class=\"has-black-color has-text-color has-link-color wp-elements-b40e604146123b49913e46dd898994f0\">Los informes deben ser enviados a trav\u00e9s del Sistema de Gesti\u00f3n Documental Electr\u00f3nica (GDE) como Nota Importada (NOI).<\/p>\n\n\n\n<p class=\"has-black-color has-text-color has-link-color wp-elements-0a1eec41f6ed0bc8a5708d62cb02d24a\">Deben dirigirse al usuario MPUERTAS (Marcelo Fabi\u00e1n Puertas), correspondiente al Director Presidente de la Inspecci\u00f3n General de Seguridad.<\/p>\n\n\n\n<p class=\"has-black-color has-text-color has-link-color wp-elements-890e79cc377fa9361cf23563ed5dd225\">La redacci\u00f3n debe ser clara, precisa y objetiva, evitando valoraciones personales o interpretaciones subjetivas.<\/p>\n\n\n\n<h4 class=\"wp-block-heading has-black-color has-text-color has-link-color wp-elements-13e95fc9db585066872768002d662d72\" style=\"font-size:14px\">4. Evitar Informaci\u00f3n Irrelevante<\/h4>\n\n\n\n<p class=\"has-black-color has-text-color has-link-color wp-elements-c189bf7897906618307dd481e444bba8\">El informe preventivo debe centrarse exclusivamente en los aspectos que tengan implicancia en la conducta policial o penitenciaria.<\/p>\n\n\n\n<ul class=\"wp-block-list has-black-color has-text-color has-link-color wp-elements-1ee75a3a81c22e8195de6a0fc97b8033\">\n<li style=\"font-size:14px\">No debe incluir detalles que, aunque relacionados con el procedimiento o intervenci\u00f3n, no influyan en la posible falta administrativa del personal involucrado.<\/li>\n<\/ul>\n\n\n\n<ul style=\"font-size:14px\" class=\"wp-block-list has-black-color has-text-color has-link-color wp-elements-98a36b8e5c36c1c60c63589d4a8ff7b0\">\n<li>Se debe priorizar la informaci\u00f3n pertinente para el an\u00e1lisis disciplinario, evitando descripciones innecesarias que no aporten al objeto del informe.<\/li>\n<\/ul>\n\n\n\n<ul style=\"font-size:14px\" class=\"wp-block-list has-black-color has-text-color has-link-color wp-elements-93c1a798ff85507157ddc606c19a0c32\">\n<li>No debe ser una copia o r\u00e9plica de un acta de procedimiento, denuncia, nota period\u00edstica, publicaci\u00f3n en redes sociales u otros documentos.<\/li>\n<\/ul>\n\n\n\n<h4 class=\"wp-block-heading has-black-color has-text-color has-link-color wp-elements-f1285626a5bbd1c58439f76d67b44ef0\" style=\"font-size:14px\">5. Disponibilidad de pruebas<\/h4>\n\n\n\n<p class=\"has-black-color has-text-color has-link-color wp-elements-f46c251493f4caafb90b9140df34020d\">En el informe preventivo se debe mencionar<strong>, <\/strong>en caso de existir, informaci\u00f3n sobre la disponibilidad de pruebas a fin de que puedan ser oportunamente requeridas por la Inspecci\u00f3n General de Seguridad a trav\u00e9s de sus medios oficiales. A modo ilustrativo se citan algunos casos:<\/p>\n\n\n\n<ul class=\"wp-block-list\">\n<li class=\"has-black-color has-text-color has-link-color wp-elements-73a6afae5dae70da3787cbd6ea88bae0\">Existencia de c\u00e1maras de seguridad p\u00fablicas y\/o privadas en el lugar del hecho, movilidad policial o alrededores.<\/li>\n<\/ul>\n\n\n\n<ul class=\"wp-block-list has-black-color has-text-color has-link-color wp-elements-26e062aded36413e583a11a66b29769f\">\n<li>Comunicaciones al CEO o llamadas al 911 especificando fecha y franja horaria de las mismas.<\/li>\n<\/ul>\n\n\n\n<ul class=\"wp-block-list has-black-color has-text-color has-link-color wp-elements-88ee6fb9127c7858acf34443cfe7de60\">\n<li>N\u00famero de expediente penal, de familia o contravencional.<\/li>\n<\/ul>\n\n\n\n<ul class=\"wp-block-list has-black-color has-text-color has-link-color wp-elements-6a8c07bae60af61a5d87ca3a81cb2703\">\n<li>Pericias de la Polic\u00eda Cient\u00edfica, Investigaciones u otra unidad que haya tenido participaci\u00f3n en el procedimiento y cuyo informe se emita por cuerda separada.<\/li>\n<\/ul>\n\n\n\n<ul class=\"wp-block-list has-black-color has-text-color has-link-color wp-elements-87a3a94adf8a21ab7f84ff770bc9650c\">\n<li>Identificaci\u00f3n de testigos u otras fuentes de prueba relevantes.<\/li>\n<\/ul>\n\n\n\n<ul class=\"wp-block-list has-black-color has-text-color has-link-color wp-elements-71271e7e9b8dbd38b67dcb5bb3f11616\">\n<li>Cualquier otro elemento que pueda ser solicitado o incorporado en una eventual investigaci\u00f3n administrativa.<\/li>\n<\/ul>\n\n\n\n<p class=\"has-black-color has-text-color has-link-color wp-elements-e770499ef6900dc86068c7d716acc379\" style=\"font-size:14px\"><strong>Modelo de Informe Preventivo<\/strong><\/p>\n\n\n\n<p class=\"has-black-color has-text-color has-link-color wp-elements-659b1ab6aee9a90e080fe6735e858b65\" style=\"font-size:14px\">Para facilitar la correcta elaboraci\u00f3n de los informes preventivos, ponemos a disposici\u00f3n un modelo editable que puede ser utilizado como plantilla. Este documento sirve como gu\u00eda para garantizar que la informaci\u00f3n requerida sea presentada de manera clara, concisa y conforme a las directivas establecidas.<\/p>\n\n\n\n<p class=\"has-black-color has-text-color has-link-color wp-elements-7e9976fb55d9ceac6f7fe3dcf86d6d8b\"><strong>\ud83d\udd39Descargue el modelo aqu\u00ed: <\/strong><a href=\"https:\/\/docs.google.com\/document\/d\/1UW56574FgckD2UWSsPbW9OfndHYgu_3kcWgYXOjybU4\/edit?tab=t.0\">https:\/\/docs.google.com\/document\/d\/1UW56574FgckD2UWSsPbW9OfndHYgu_3kcWgYXOjybU4\/edit?tab=t.0<\/a><\/p>\n\n\n\n<h3 class=\"wp-block-heading has-black-color has-text-color has-link-color wp-elements-eb0c1becef92a92904466e6b30db7d07\" style=\"font-size:14px\"><strong>Solicitud de directivas<\/strong><\/h3>\n\n\n\n<h4 class=\"wp-block-heading has-black-color has-text-color has-link-color wp-elements-c03f2087a2a64aa469dd5329d494170a\"><strong>Canales autorizados para informar novedades y solicitar directivas<\/strong><\/h4>\n\n\n\n<p class=\"has-black-color has-text-color has-link-color wp-elements-061598f8bcef3f03609c92c17d7be606\" style=\"font-size:14px\">Toda novedad en la que tenga injerencia la Inspecci\u00f3n General de Seguridad debe ser comunicada mediante informe preventivo durante las 24 horas, conforme las indicaciones mencionadas en el apartado de preventivos.<\/p>\n\n\n\n<p class=\"has-black-color has-text-color has-link-color wp-elements-1e581d0cee144a710a0eac24190b93b6\" style=\"font-size:14px\">De manera excepcional, el personal policial y penitenciario puede utilizar los medios telef\u00f3nicos para informar novedades relevantes y solicitar directivas, teniendo en cuenta que en el caso de las delegaciones, algunos n\u00fameros son de uso personal por lo que se recomienda verificar peri\u00f3dicamente que sigan publicados antes de realizar el llamado.<\/p>\n\n\n\n<p class=\"has-black-color has-text-color has-link-color wp-elements-6cad14fa773588231538de09c20f5a17\" style=\"font-size:14px\">Es muy importante tener en cuenta que dichos medios telef\u00f3nicos solo deben utilizarse en casos urgentes, cuando la solicitud de directivas sea estrictamente necesaria y no pueda resolverse mediante protocolos, normativas u otros medios ya existentes.<\/p>\n\n\n\n<p class=\"has-black-color has-text-color has-link-color wp-elements-c0fba5c1c49c3cae6b15a75c0980a169\" style=\"font-size:14px\">Las comunicaciones deben referirse exclusivamente a hechos que impliquen la presunci\u00f3n de una falta administrativa que pueda requerir una investigaci\u00f3n en la modalidad de Informaci\u00f3n Sumaria Administrativa o Sumario Administrativo en la IGS.<\/p>\n\n\n\n<p class=\"has-black-color has-text-color has-link-color wp-elements-3b1b190eeafaeed6fdca9880646f4419\" style=\"font-size:18px\"><strong>Tel\u00e9fonos habilitados para novedades relevantes y directivas<\/strong><\/p>\n\n\n\n<p class=\"has-black-color has-text-color has-link-color wp-elements-57ef23477d8c930c60d3ef278e882c7e\" style=\"font-size:14px\"><strong>SEDE CENTRAL<\/strong><\/p>\n\n\n\n<p class=\"has-black-color has-text-color has-link-color wp-elements-6f71bde048708bdbbfa16d07e91d1d81\" style=\"font-size:14px\">2613603900 (policiales)<\/p>\n\n\n\n<p class=\"has-black-color has-text-color has-link-color wp-elements-90c843903b19169efb12106b602dc478\" style=\"font-size:14px\">2615973752 (penitenciarias)<\/p>\n\n\n\n<p class=\"has-black-color has-text-color has-link-color wp-elements-0f9864e868c0fdaa714d2ce24a325b40\" style=\"font-size:14px\"><strong>ZONA VALLE DE UCO<\/strong><\/p>\n\n\n\n<p class=\"has-black-color has-text-color has-link-color wp-elements-ad1d2298252f9c4a467df2665b7e5f77\">2616948136 (policiales y penitenciarias)<\/p>\n\n\n\n<ul class=\"wp-block-list has-black-color has-text-color has-link-color wp-elements-b5eade3a8a5a3f5395af5f60a7338523\">\n<li><\/li>\n<\/ul>\n\n\n\n<p class=\"has-black-color has-text-color has-link-color wp-elements-2c0fa720a4e1948585e5100d73ac0ec6\">2614710201 (policiales y penitenciarias)<\/p>\n\n\n\n<ul class=\"wp-block-list has-black-color has-text-color has-link-color wp-elements-b5eade3a8a5a3f5395af5f60a7338523\">\n<li><\/li>\n<\/ul>\n\n\n\n<p class=\"has-black-color has-text-color has-link-color wp-elements-b563c0bda960e1a881d9a02bc21239cd\" style=\"font-size:14px\"><strong>ZONA ESTE<\/strong><\/p>\n\n\n\n<p class=\"has-black-color has-text-color has-link-color wp-elements-fd9dcad27aba290461df1ce2fe566674\">2616948078 (policiales y penitenciarias)<\/p>\n\n\n\n<p class=\"has-black-color has-text-color has-link-color wp-elements-8682c6117023fb41767076ac6049654c\" style=\"font-size:14px\"><strong>ZONA SUR<\/strong><\/p>\n\n\n\n<p class=\"has-black-color has-text-color has-link-color wp-elements-d18e4aad4c2f7772c59b7fab73586a02\">2604313880 (policiales y penitenciarias)<\/p>\n\n\n\n<p class=\"has-black-color has-text-color has-link-color wp-elements-9ac00cf961d1ea846fe5a532228b76c6\"><\/p>\n\n\n\n<p class=\"has-black-color has-text-color has-link-color wp-elements-9ac00cf961d1ea846fe5a532228b76c6\"><\/p>\n","protected":false},"excerpt":{"rendered":"<p>Directivas sobre la elaboraci\u00f3n y remisi\u00f3n de informes preventivos 1. Finalidad del Informe Preventivo Para la IGS, el informe preventivo tiene como objetivo comunicar de manera inmediata un hecho incipiente que involucre a personal policial o penitenciario y que pueda constituir una posible falta administrativa grave que requiera una investigaci\u00f3n bajo la modalidad de informaci\u00f3n [&hellip;]<\/p>\n","protected":false},"author":26,"featured_media":0,"parent":0,"menu_order":0,"comment_status":"closed","ping_status":"closed","template":"","meta":{"_et_pb_use_builder":"off","_et_pb_old_content":"","_et_gb_content_width":"1080","footnotes":""},"class_list":["post-1080","page","type-page","status-publish","hentry"],"_links":{"self":[{"href":"https:\/\/sitios-nonprod.mendoza.gob.ar\/seguridadyjusticia\/wp-json\/wp\/v2\/pages\/1080","targetHints":{"allow":["GET"]}}],"collection":[{"href":"https:\/\/sitios-nonprod.mendoza.gob.ar\/seguridadyjusticia\/wp-json\/wp\/v2\/pages"}],"about":[{"href":"https:\/\/sitios-nonprod.mendoza.gob.ar\/seguridadyjusticia\/wp-json\/wp\/v2\/types\/page"}],"author":[{"embeddable":true,"href":"https:\/\/sitios-nonprod.mendoza.gob.ar\/seguridadyjusticia\/wp-json\/wp\/v2\/users\/26"}],"replies":[{"embeddable":true,"href":"https:\/\/sitios-nonprod.mendoza.gob.ar\/seguridadyjusticia\/wp-json\/wp\/v2\/comments?post=1080"}],"version-history":[{"count":6,"href":"https:\/\/sitios-nonprod.mendoza.gob.ar\/seguridadyjusticia\/wp-json\/wp\/v2\/pages\/1080\/revisions"}],"predecessor-version":[{"id":1363,"href":"https:\/\/sitios-nonprod.mendoza.gob.ar\/seguridadyjusticia\/wp-json\/wp\/v2\/pages\/1080\/revisions\/1363"}],"wp:attachment":[{"href":"https:\/\/sitios-nonprod.mendoza.gob.ar\/seguridadyjusticia\/wp-json\/wp\/v2\/media?parent=1080"}],"curies":[{"name":"wp","href":"https:\/\/api.w.org\/{rel}","templated":true}]}}