{"id":1122,"date":"2025-07-24T17:53:47","date_gmt":"2025-07-24T15:53:47","guid":{"rendered":"https:\/\/sitios-nonprod.mendoza.gob.ar\/seguridadyjusticia\/?page_id=1122"},"modified":"2025-08-13T18:11:05","modified_gmt":"2025-08-13T16:11:05","slug":"contactos","status":"publish","type":"page","link":"https:\/\/sitios-nonprod.mendoza.gob.ar\/seguridadyjusticia\/contactos\/","title":{"rendered":"Contactos"},"content":{"rendered":"\n<p class=\"has-black-color has-text-color has-link-color wp-elements-37e8e968bf3a41cd5840b3492fc28437\" style=\"font-size:30px\"><strong>Nuestras v\u00edas de comunicaci\u00f3n<\/strong><\/p>\n\n\n\n<p class=\"has-black-color has-text-color has-link-color wp-elements-281172117f56220f1c0e1a8b7927da5c\"><strong>Correo institucional<\/strong>: mentradas-igs@mendoza.gov.ar<\/p>\n\n\n\n<p class=\"has-black-color has-text-color has-link-color wp-elements-57f1d53cb0e0f4ba28d31a52c3e30df6\"><strong>SEDE CENTRAL<\/strong><\/p>\n\n\n\n<p class=\"has-black-color has-text-color has-link-color wp-elements-7dc5bed0303187d68764bec6df2e8123\"><strong>Atenci\u00f3n al p\u00fablico:<\/strong> Lunes a viernes de 08 a 16 hs.<\/p>\n\n\n\n<p class=\"has-black-color has-text-color has-link-color wp-elements-5853909b71a385621ebed45747363a23\"><strong>TEL\u00c9FONOS<\/strong><\/p>\n\n\n\n<p class=\"has-black-color has-text-color has-link-color wp-elements-c35ad28c13703af6ee621ffba2954b6e\"><em>Mesa de entradas:<\/em> 2616976639<\/p>\n\n\n\n<p class=\"has-black-color has-text-color has-link-color wp-elements-52117053cefee168aa55b9efb7cfd8ce\"><em>Oficina de violencia de g\u00e9nero<\/em>: 2613619711<\/p>\n\n\n\n<p class=\"has-black-color has-text-color has-link-color wp-elements-c65241c36ddbaec2e9725086bd5799d9\"><em>Oficina de violencia institucional<\/em>: 2612062902<\/p>\n\n\n\n<p class=\"has-black-color has-text-color has-link-color wp-elements-6ff942c7ade7db85e07909eefd635cff\"><strong>DELEGACIONES<\/strong><\/p>\n\n\n\n<p class=\"has-black-color has-text-color has-link-color wp-elements-8f67da95b9245ab4f83dcd702a164416\"><strong>Atenci\u00f3n al p\u00fablico:<\/strong> Lunes a viernes de 04 a 14 hs.<\/p>\n\n\n\n<p class=\"has-black-color has-text-color has-link-color wp-elements-5853909b71a385621ebed45747363a23\"><strong>TEL\u00c9FONOS<\/strong><\/p>\n\n\n\n<p class=\"has-black-color has-text-color has-link-color wp-elements-36e896f6f21302608114d8d5491d2532\"><em>Valle de Uco:<\/em> 2616948136<\/p>\n\n\n\n<p class=\"has-black-color has-text-color has-link-color wp-elements-63050d63b72febbd3f25546e7ba77e75\"><em>Zona Este:<\/em> 2615069731<\/p>\n\n\n\n<p class=\"has-black-color has-text-color has-link-color wp-elements-3a7f7c5e8f933051b8d2f8a3ff6d367f\"><em>Zona Sur: <\/em>2604438706<\/p>\n\n\n\n<p class=\"has-black-color has-text-color has-link-color wp-elements-07dc971b6d26c2dc9cd4dd6cbeccc512\" style=\"font-size:30px\"><strong>Nuestras Oficinas<\/strong><\/p>\n\n\n\n<p class=\"has-black-color has-text-color has-link-color wp-elements-57f1d53cb0e0f4ba28d31a52c3e30df6\"><strong>SEDE CENTRAL<\/strong><\/p>\n\n\n\n<p class=\"has-black-color has-text-color has-link-color wp-elements-ae3adf3efb4d1fc7caf79b54048eab66\">Avenida San Mart\u00edn 1027, 1\u00b0 piso, Unidad 5, Galer\u00eda Piazza, Ciudad de Mendoza.<\/p>\n\n\n\n<p class=\"has-vivid-cyan-blue-color has-text-color has-link-color wp-elements-a8258453ce2bd9cd8d682ff826c5654f\">Abrir en Google Maps: <a href=\"https:\/\/www.google.com\/maps\/place\/Galer%C3%ADa+Piazza,+Av.+San+Mart%C3%ADn+1027,+M5500ECC+Mendoza\/@-32.8912108,-68.8386874,17z\/data=!3m1!4b1!4m6!3m5!1s0x967e0919db24b0a1:0x55a52fea3f93665b!8m2!3d-32.8912108!4d-68.8386874!16s%2Fg%2F11jgxnx1bq?entry=ttu&amp;g_ep=EgoyMDI1MDIyNS4wIKXMDSoASAFQAw%3D%3D\">https:\/\/www.google.com\/maps\/place\/Galer%C3%ADa+Piazza,+Av.+San+Mart%C3%ADn+1027,+M5500ECC+Mendoza\/@-32.8912108,-68.8386874,17z\/data=!3m1!4b1!4m6!3m5!1s0x967e0919db24b0a1:0x55a52fea3f93665b!8m2!3d-32.8912108!4d-68.8386874!16s%2Fg%2F11jgxnx1bq?entry=ttu&amp;g_ep=EgoyMDI1MDIyNS4wIKXMDSoASAFQAw%3D%3D<\/a><\/p>\n\n\n\n<p class=\"has-black-color has-text-color has-link-color wp-elements-67fcc551612d4d33cd3f7008bcc5153f\"><strong>VALLE DE UCO<\/strong><\/p>\n\n\n\n<p class=\"has-black-color has-text-color has-link-color wp-elements-9a7116e7cefbf7d3ac01a500a4d93c93\">Calle Las Heras 302, Eugenio Bustos, San Carlos.<\/p>\n\n\n\n<p class=\"has-vivid-cyan-blue-color has-text-color has-link-color wp-elements-b80a44e85dce109a20a49bc13511e769\">Abrir en Google Maps: <a href=\"https:\/\/www.google.com\/maps\/@-33.7798726,-69.068677,17z?authuser=0&amp;entry=ttu&amp;g_ep=EgoyMDI1MDIyNS4wIKXMDSoASAFQAw%3D%3D\">https:\/\/www.google.com\/maps\/@-33.7798726,-69.068677,17z?authuser=0&amp;entry=ttu&amp;g_ep=EgoyMDI1MDIyNS4wIKXMDSoASAFQAw%3D%3D<\/a><\/p>\n\n\n\n<p class=\"has-black-color has-text-color has-link-color wp-elements-43ad6ebddcef3c88c1a15ba90bb5e7c7\"><strong>ZONA ESTE<\/strong><\/p>\n\n\n\n<p class=\"has-black-color has-text-color has-link-color wp-elements-bbaae319a9375e0a1bb20ffe7733aebe\">Calle Rom\u00e1n Cano 163, Jun\u00edn.<\/p>\n\n\n\n<p class=\"has-vivid-cyan-blue-color has-text-color has-link-color wp-elements-8e56dbaaea45e55b1223710bf826d2bf\">Abrir en Google Maps: <a href=\"https:\/\/www.google.com\/maps\/place\/Rom%C3%A1n+Cano+163,+M5573+Jun%C3%ADn,+Mendoza\/@-33.1428871,-68.4852207,17z\/data=!3m1!4b1!4m5!3m4!1s0x967e5d18e63bf419:0x8ee511c419273c1d!8m2!3d-33.1428871!4d-68.4852207?authuser=0&amp;entry=ttu&amp;g_ep=EgoyMDI1MDIyNS4wIKXMDSoASAFQAw%3D%3D\">https:\/\/www.google.com\/maps\/place\/Rom%C3%A1n+Cano+163,+M5573+Jun%C3%ADn,+Mendoza\/@-33.1428871,-68.4852207,17z\/data=!3m1!4b1!4m5!3m4!1s0x967e5d18e63bf419:0x8ee511c419273c1d!8m2!3d-33.1428871!4d-68.4852207?authuser=0&amp;entry=ttu&amp;g_ep=EgoyMDI1MDIyNS4wIKXMDSoASAFQAw%3D%3D<\/a><\/p>\n\n\n\n<p class=\"has-black-color has-text-color has-link-color wp-elements-5f14240b0f61213a2fc81d121e3b3a21\"><strong>ZONA SUR<\/strong><\/p>\n\n\n\n<p class=\"has-black-color has-text-color has-link-color wp-elements-de09342b1841aa51a5d924c05fa6a4a7\">Avenida El Libertador 41, 1\u00b0 piso, San Rafael.<\/p>\n\n\n\n<p class=\"has-vivid-cyan-blue-color has-text-color has-link-color wp-elements-74e7b4d92e9a1c12aa2de04fb10461dc\">Abrir en Google Maps: <a href=\"https:\/\/www.google.com\/maps\/place\/Av.+El+Libertador+41+1er+piso,+M5600+San+Rafael,+Mendoza\/@-34.6167435,-68.3299775,17z\/data=!4m5!3m4!1s0x967907fe9cf66f55:0xda1d2c379e99b1cc!8m2!3d-34.6167435!4d-68.3299775?authuser=0&amp;entry=ttu&amp;g_ep=EgoyMDI1MDIyNS4wIKXMDSoASAFQAw%3D%3D\">https:\/\/www.google.com\/maps\/place\/Av.+El+Libertador+41+1er+piso,+M5600+San+Rafael,+Mendoza\/@-34.6167435,-68.3299775,17z\/data=!4m5!3m4!1s0x967907fe9cf66f55:0xda1d2c379e99b1cc!8m2!3d-34.6167435!4d-68.3299775?authuser=0&amp;entry=ttu&amp;g_ep=EgoyMDI1MDIyNS4wIKXMDSoASAFQAw%3D%3D<\/a>&nbsp;&nbsp;<\/p>\n","protected":false},"excerpt":{"rendered":"<p>Nuestras v\u00edas de comunicaci\u00f3n Correo institucional: mentradas-igs@mendoza.gov.ar SEDE CENTRAL Atenci\u00f3n al p\u00fablico: Lunes a viernes de 08 a 16 hs. TEL\u00c9FONOS Mesa de entradas: 2616976639 Oficina de violencia de g\u00e9nero: 2613619711 Oficina de violencia institucional: 2612062902 DELEGACIONES Atenci\u00f3n al p\u00fablico: Lunes a viernes de 04 a 14 hs. TEL\u00c9FONOS Valle de Uco: 2616948136 Zona Este: [&hellip;]<\/p>\n","protected":false},"author":26,"featured_media":0,"parent":0,"menu_order":0,"comment_status":"closed","ping_status":"closed","template":"","meta":{"_et_pb_use_builder":"off","_et_pb_old_content":"","_et_gb_content_width":"1080","footnotes":""},"class_list":["post-1122","page","type-page","status-publish","hentry"],"_links":{"self":[{"href":"https:\/\/sitios-nonprod.mendoza.gob.ar\/seguridadyjusticia\/wp-json\/wp\/v2\/pages\/1122","targetHints":{"allow":["GET"]}}],"collection":[{"href":"https:\/\/sitios-nonprod.mendoza.gob.ar\/seguridadyjusticia\/wp-json\/wp\/v2\/pages"}],"about":[{"href":"https:\/\/sitios-nonprod.mendoza.gob.ar\/seguridadyjusticia\/wp-json\/wp\/v2\/types\/page"}],"author":[{"embeddable":true,"href":"https:\/\/sitios-nonprod.mendoza.gob.ar\/seguridadyjusticia\/wp-json\/wp\/v2\/users\/26"}],"replies":[{"embeddable":true,"href":"https:\/\/sitios-nonprod.mendoza.gob.ar\/seguridadyjusticia\/wp-json\/wp\/v2\/comments?post=1122"}],"version-history":[{"count":2,"href":"https:\/\/sitios-nonprod.mendoza.gob.ar\/seguridadyjusticia\/wp-json\/wp\/v2\/pages\/1122\/revisions"}],"predecessor-version":[{"id":1817,"href":"https:\/\/sitios-nonprod.mendoza.gob.ar\/seguridadyjusticia\/wp-json\/wp\/v2\/pages\/1122\/revisions\/1817"}],"wp:attachment":[{"href":"https:\/\/sitios-nonprod.mendoza.gob.ar\/seguridadyjusticia\/wp-json\/wp\/v2\/media?parent=1122"}],"curies":[{"name":"wp","href":"https:\/\/api.w.org\/{rel}","templated":true}]}}

<p class="has-black-color has-text-color has-link-color wp-elements-37e8e968bf3a41cd5840b3492fc28437" style="font-size:30px"><strong>Nuestras vías de comunicación</strong></p>



<p class="has-black-color has-text-color has-link-color wp-elements-281172117f56220f1c0e1a8b7927da5c"><strong>Correo institucional</strong>: mentradas-igs@mendoza.gov.ar</p>



<p class="has-black-color has-text-color has-link-color wp-elements-57f1d53cb0e0f4ba28d31a52c3e30df6"><strong>SEDE CENTRAL</strong></p>



<p class="has-black-color has-text-color has-link-color wp-elements-7dc5bed0303187d68764bec6df2e8123"><strong>Atención al público:</strong> Lunes a viernes de 08 a 16 hs.</p>



<p class="has-black-color has-text-color has-link-color wp-elements-5853909b71a385621ebed45747363a23"><strong>TELÉFONOS</strong></p>



<p class="has-black-color has-text-color has-link-color wp-elements-c35ad28c13703af6ee621ffba2954b6e"><em>Mesa de entradas:</em> 2616976639</p>



<p class="has-black-color has-text-color has-link-color wp-elements-52117053cefee168aa55b9efb7cfd8ce"><em>Oficina de violencia de género</em>: 2613619711</p>



<p class="has-black-color has-text-color has-link-color wp-elements-c65241c36ddbaec2e9725086bd5799d9"><em>Oficina de violencia institucional</em>: 2612062902</p>



<p class="has-black-color has-text-color has-link-color wp-elements-6ff942c7ade7db85e07909eefd635cff"><strong>DELEGACIONES</strong></p>



<p class="has-black-color has-text-color has-link-color wp-elements-8f67da95b9245ab4f83dcd702a164416"><strong>Atención al público:</strong> Lunes a viernes de 04 a 14 hs.</p>



<p class="has-black-color has-text-color has-link-color wp-elements-5853909b71a385621ebed45747363a23"><strong>TELÉFONOS</strong></p>



<p class="has-black-color has-text-color has-link-color wp-elements-36e896f6f21302608114d8d5491d2532"><em>Valle de Uco:</em> 2616948136</p>



<p class="has-black-color has-text-color has-link-color wp-elements-63050d63b72febbd3f25546e7ba77e75"><em>Zona Este:</em> 2615069731</p>



<p class="has-black-color has-text-color has-link-color wp-elements-3a7f7c5e8f933051b8d2f8a3ff6d367f"><em>Zona Sur: </em>2604438706</p>



<p class="has-black-color has-text-color has-link-color wp-elements-07dc971b6d26c2dc9cd4dd6cbeccc512" style="font-size:30px"><strong>Nuestras Oficinas</strong></p>



<p class="has-black-color has-text-color has-link-color wp-elements-57f1d53cb0e0f4ba28d31a52c3e30df6"><strong>SEDE CENTRAL</strong></p>



<p class="has-black-color has-text-color has-link-color wp-elements-ae3adf3efb4d1fc7caf79b54048eab66">Avenida San Martín 1027, 1° piso, Unidad 5, Galería Piazza, Ciudad de Mendoza.</p>



<p class="has-vivid-cyan-blue-color has-text-color has-link-color wp-elements-a8258453ce2bd9cd8d682ff826c5654f">Abrir en Google Maps: <a href="https://www.google.com/maps/place/Galer%C3%ADa+Piazza,+Av.+San+Mart%C3%ADn+1027,+M5500ECC+Mendoza/@-32.8912108,-68.8386874,17z/data=!3m1!4b1!4m6!3m5!1s0x967e0919db24b0a1:0x55a52fea3f93665b!8m2!3d-32.8912108!4d-68.8386874!16s%2Fg%2F11jgxnx1bq?entry=ttu&amp;g_ep=EgoyMDI1MDIyNS4wIKXMDSoASAFQAw%3D%3D">https://www.google.com/maps/place/Galer%C3%ADa+Piazza,+Av.+San+Mart%C3%ADn+1027,+M5500ECC+Mendoza/@-32.8912108,-68.8386874,17z/data=!3m1!4b1!4m6!3m5!1s0x967e0919db24b0a1:0x55a52fea3f93665b!8m2!3d-32.8912108!4d-68.8386874!16s%2Fg%2F11jgxnx1bq?entry=ttu&amp;g_ep=EgoyMDI1MDIyNS4wIKXMDSoASAFQAw%3D%3D</a></p>



<p class="has-black-color has-text-color has-link-color wp-elements-67fcc551612d4d33cd3f7008bcc5153f"><strong>VALLE DE UCO</strong></p>



<p class="has-black-color has-text-color has-link-color wp-elements-9a7116e7cefbf7d3ac01a500a4d93c93">Calle Las Heras 302, Eugenio Bustos, San Carlos.</p>



<p class="has-vivid-cyan-blue-color has-text-color has-link-color wp-elements-b80a44e85dce109a20a49bc13511e769">Abrir en Google Maps: <a href="https://www.google.com/maps/@-33.7798726,-69.068677,17z?authuser=0&amp;entry=ttu&amp;g_ep=EgoyMDI1MDIyNS4wIKXMDSoASAFQAw%3D%3D">https://www.google.com/maps/@-33.7798726,-69.068677,17z?authuser=0&amp;entry=ttu&amp;g_ep=EgoyMDI1MDIyNS4wIKXMDSoASAFQAw%3D%3D</a></p>



<p class="has-black-color has-text-color has-link-color wp-elements-43ad6ebddcef3c88c1a15ba90bb5e7c7"><strong>ZONA ESTE</strong></p>



<p class="has-black-color has-text-color has-link-color wp-elements-bbaae319a9375e0a1bb20ffe7733aebe">Calle Román Cano 163, Junín.</p>



<p class="has-vivid-cyan-blue-color has-text-color has-link-color wp-elements-8e56dbaaea45e55b1223710bf826d2bf">Abrir en Google Maps: <a href="https://www.google.com/maps/place/Rom%C3%A1n+Cano+163,+M5573+Jun%C3%ADn,+Mendoza/@-33.1428871,-68.4852207,17z/data=!3m1!4b1!4m5!3m4!1s0x967e5d18e63bf419:0x8ee511c419273c1d!8m2!3d-33.1428871!4d-68.4852207?authuser=0&amp;entry=ttu&amp;g_ep=EgoyMDI1MDIyNS4wIKXMDSoASAFQAw%3D%3D">https://www.google.com/maps/place/Rom%C3%A1n+Cano+163,+M5573+Jun%C3%ADn,+Mendoza/@-33.1428871,-68.4852207,17z/data=!3m1!4b1!4m5!3m4!1s0x967e5d18e63bf419:0x8ee511c419273c1d!8m2!3d-33.1428871!4d-68.4852207?authuser=0&amp;entry=ttu&amp;g_ep=EgoyMDI1MDIyNS4wIKXMDSoASAFQAw%3D%3D</a></p>



<p class="has-black-color has-text-color has-link-color wp-elements-5f14240b0f61213a2fc81d121e3b3a21"><strong>ZONA SUR</strong></p>



<p class="has-black-color has-text-color has-link-color wp-elements-de09342b1841aa51a5d924c05fa6a4a7">Avenida El Libertador 41, 1° piso, San Rafael.</p>



<p class="has-vivid-cyan-blue-color has-text-color has-link-color wp-elements-74e7b4d92e9a1c12aa2de04fb10461dc">Abrir en Google Maps: <a href="https://www.google.com/maps/place/Av.+El+Libertador+41+1er+piso,+M5600+San+Rafael,+Mendoza/@-34.6167435,-68.3299775,17z/data=!4m5!3m4!1s0x967907fe9cf66f55:0xda1d2c379e99b1cc!8m2!3d-34.6167435!4d-68.3299775?authuser=0&amp;entry=ttu&amp;g_ep=EgoyMDI1MDIyNS4wIKXMDSoASAFQAw%3D%3D">https://www.google.com/maps/place/Av.+El+Libertador+41+1er+piso,+M5600+San+Rafael,+Mendoza/@-34.6167435,-68.3299775,17z/data=!4m5!3m4!1s0x967907fe9cf66f55:0xda1d2c379e99b1cc!8m2!3d-34.6167435!4d-68.3299775?authuser=0&amp;entry=ttu&amp;g_ep=EgoyMDI1MDIyNS4wIKXMDSoASAFQAw%3D%3D</a>&nbsp;&nbsp;</p>

<p>Nuestras vías de comunicación Correo institucional: mentradas-igs@mendoza.gov.ar SEDE CENTRAL Atención al público: Lunes a viernes de 08 a 16 hs. TELÉFONOS Mesa de entradas: 2616976639 Oficina de violencia de género: 2613619711 Oficina de violencia institucional: 2612062902 DELEGACIONES Atención al público: Lunes a viernes de 04 a 14 hs. TELÉFONOS Valle de Uco: 2616948136 Zona Este: [&hellip;]</p>
