{"id":1179,"date":"2025-07-28T16:14:09","date_gmt":"2025-07-28T14:14:09","guid":{"rendered":"https:\/\/sitios-nonprod.mendoza.gob.ar\/seguridadyjusticia\/?page_id=1179"},"modified":"2025-08-06T14:16:23","modified_gmt":"2025-08-06T12:16:23","slug":"conductor-designado","status":"publish","type":"page","link":"https:\/\/sitios-nonprod.mendoza.gob.ar\/seguridadyjusticia\/conductor-designado\/","title":{"rendered":"Conductor Designado"},"content":{"rendered":"\n<h4 class=\"wp-block-heading has-black-color has-text-color has-link-color wp-elements-574295237b1d52b313f3e9101b49d0b8\">\u00a1Hoy soy conductor designado!&nbsp;<\/h4>\n\n\n\n<p><\/p>\n\n\n\n<figure class=\"wp-block-video\"><video controls src=\"https:\/\/www.mendoza.gov.ar\/wp-content\/uploads\/sites\/26\/2024\/08\/Conductor-designado-agosto-1080x1350-1.mp4\"><\/video><\/figure>\n\n\n\n<p class=\"has-text-align-center has-black-color has-text-color has-link-color wp-elements-bdb8938c84b4c204328e034d720d7a77\">Ponerse al volante despu\u00e9s de tomar alcohol, es un riesgo enorme que podemos evitar.<\/p>\n\n\n\n<div class=\"wp-block-group is-vertical is-layout-flex wp-container-core-group-is-layout-8cf370e7 wp-block-group-is-layout-flex\">\n<p class=\"has-text-align-center has-black-color has-text-color has-link-color wp-elements-b31b2c4d54eeeec0d398b1c2aa3f095f\">Que el alcohol no arruine la diversi\u00f3n.<\/p>\n<\/div>\n\n\n\n<p class=\"has-text-align-center has-black-color has-text-color has-link-color wp-elements-38c38b529361b008044ab7e6349aae4c\">&nbsp;Cuid\u00e1 tu vida y la de tu gente.<\/p>\n\n\n\n<figure class=\"wp-block-image aligncenter size-large\"><img decoding=\"async\" src=\"https:\/\/www.mendoza.gov.ar\/wp-content\/uploads\/sites\/26\/2024\/08\/Conductor-designado-agosto-1080x1350-01-700x875.png\" alt=\"\" class=\"wp-image-8468\" \/><\/figure>\n\n\n\n<figure class=\"wp-block-image aligncenter size-large\"><img decoding=\"async\" src=\"https:\/\/www.mendoza.gov.ar\/wp-content\/uploads\/sites\/26\/2024\/07\/Conductor-designado-1080x1350-02-700x875.png\" alt=\"\" class=\"wp-image-8386\" \/><\/figure>\n\n\n\n<figure class=\"wp-block-image aligncenter size-large\"><img decoding=\"async\" src=\"https:\/\/www.mendoza.gov.ar\/wp-content\/uploads\/sites\/26\/2024\/07\/Conductor-designado-1080x1350-03-700x875.png\" alt=\"\" class=\"wp-image-8388\" \/><\/figure>\n\n\n\n<figure class=\"wp-block-image aligncenter size-large\"><img decoding=\"async\" src=\"https:\/\/www.mendoza.gov.ar\/wp-content\/uploads\/sites\/26\/2024\/07\/Conductor-designado-1080x1350-04-700x875.png\" alt=\"\" class=\"wp-image-8389\" \/><\/figure>\n\n\n\n<figure class=\"wp-block-image aligncenter size-large\"><img decoding=\"async\" src=\"https:\/\/www.mendoza.gov.ar\/wp-content\/uploads\/sites\/26\/2024\/07\/Conductor-designado-Placa-unica-1080x1350-1-700x875.png\" alt=\"\" class=\"wp-image-8391\" \/><\/figure>\n\n\n\n<h2 class=\"wp-block-heading has-text-align-center\">Multas y sanciones para conductores alcoholizados<\/h2>\n\n\n\n<figure class=\"wp-block-image aligncenter size-large\"><img decoding=\"async\" src=\"https:\/\/www.mendoza.gov.ar\/wp-content\/uploads\/sites\/26\/2024\/08\/WhatsApp-Image-2024-08-30-at-10.54.09-1-700x394.jpeg\" alt=\"\" class=\"wp-image-8462\" \/><\/figure>\n\n\n\n<figure class=\"wp-block-image aligncenter size-large\"><img decoding=\"async\" src=\"https:\/\/www.mendoza.gov.ar\/wp-content\/uploads\/sites\/26\/2024\/08\/WhatsApp-Image-2024-08-30-at-10.54.09-700x875.jpeg\" alt=\"\" class=\"wp-image-8461\" \/><\/figure>\n","protected":false},"excerpt":{"rendered":"<p>\u00a1Hoy soy conductor designado!&nbsp; Ponerse al volante despu\u00e9s de tomar alcohol, es un riesgo enorme que podemos evitar. Que el alcohol no arruine la diversi\u00f3n. &nbsp;Cuid\u00e1 tu vida y la de tu gente. Multas y sanciones para conductores alcoholizados<\/p>\n","protected":false},"author":27,"featured_media":0,"parent":0,"menu_order":0,"comment_status":"closed","ping_status":"closed","template":"","meta":{"_et_pb_use_builder":"off","_et_pb_old_content":"","_et_gb_content_width":"1080","footnotes":""},"class_list":["post-1179","page","type-page","status-publish","hentry"],"_links":{"self":[{"href":"https:\/\/sitios-nonprod.mendoza.gob.ar\/seguridadyjusticia\/wp-json\/wp\/v2\/pages\/1179","targetHints":{"allow":["GET"]}}],"collection":[{"href":"https:\/\/sitios-nonprod.mendoza.gob.ar\/seguridadyjusticia\/wp-json\/wp\/v2\/pages"}],"about":[{"href":"https:\/\/sitios-nonprod.mendoza.gob.ar\/seguridadyjusticia\/wp-json\/wp\/v2\/types\/page"}],"author":[{"embeddable":true,"href":"https:\/\/sitios-nonprod.mendoza.gob.ar\/seguridadyjusticia\/wp-json\/wp\/v2\/users\/27"}],"replies":[{"embeddable":true,"href":"https:\/\/sitios-nonprod.mendoza.gob.ar\/seguridadyjusticia\/wp-json\/wp\/v2\/comments?post=1179"}],"version-history":[{"count":5,"href":"https:\/\/sitios-nonprod.mendoza.gob.ar\/seguridadyjusticia\/wp-json\/wp\/v2\/pages\/1179\/revisions"}],"predecessor-version":[{"id":1310,"href":"https:\/\/sitios-nonprod.mendoza.gob.ar\/seguridadyjusticia\/wp-json\/wp\/v2\/pages\/1179\/revisions\/1310"}],"wp:attachment":[{"href":"https:\/\/sitios-nonprod.mendoza.gob.ar\/seguridadyjusticia\/wp-json\/wp\/v2\/media?parent=1179"}],"curies":[{"name":"wp","href":"https:\/\/api.w.org\/{rel}","templated":true}]}}